Last updated on 2025-01-19 05:49:08 CET.
Flavor | Version | Tinstall | Tcheck | Ttotal | Status | Flags |
---|---|---|---|---|---|---|
r-devel-linux-x86_64-debian-clang | 6.4 | 31.55 | 197.58 | 229.13 | NOTE | |
r-devel-linux-x86_64-debian-gcc | 6.5 | 20.69 | 133.06 | 153.75 | OK | |
r-devel-linux-x86_64-fedora-clang | 6.5 | 250.85 | OK | |||
r-devel-linux-x86_64-fedora-gcc | 6.5 | 369.33 | OK | |||
r-devel-windows-x86_64 | 6.5 | 29.00 | 293.00 | 322.00 | OK | |
r-patched-linux-x86_64 | 6.4 | 36.56 | 186.17 | 222.73 | OK | |
r-release-linux-x86_64 | 6.4 | 26.77 | 187.10 | 213.87 | OK | |
r-release-macos-arm64 | 6.4 | 86.00 | OK | |||
r-release-macos-x86_64 | 6.4 | 136.00 | OK | |||
r-release-windows-x86_64 | 6.4 | 28.00 | 195.00 | 223.00 | OK | |
r-oldrel-macos-arm64 | 6.4 | 101.00 | OK | |||
r-oldrel-macos-x86_64 | 6.4 | 203.00 | OK | |||
r-oldrel-windows-x86_64 | 6.4 | 39.00 | 248.00 | 287.00 | OK |
Version: 6.4
Check: Rd cross-references
Result: NOTE
Found the following Rd file(s) with Rd \link{} targets missing package
anchors:
farforecast.Rd: fds
long_run_covariance_estimation.Rd: fts
Please provide package anchors for all Rd \link{} targets not in the
package itself and the base packages.
Flavor: r-devel-linux-x86_64-debian-clang