CRAN Package Check Results for Package fusedMGM

Last updated on 2025-01-19 05:49:08 CET.

Flavor Version Tinstall Tcheck Ttotal Status Flags
r-devel-linux-x86_64-debian-clang 0.1.2 6.95 43.15 50.10 OK
r-devel-linux-x86_64-debian-gcc 0.1.2 5.41 29.36 34.77 OK
r-devel-linux-x86_64-fedora-clang 0.1.2 81.02 NOTE
r-devel-linux-x86_64-fedora-gcc 0.1.2 77.83 NOTE
r-devel-windows-x86_64 0.1.2 11.00 64.00 75.00 OK
r-patched-linux-x86_64 0.1.2 7.79 40.47 48.26 OK
r-release-linux-x86_64 0.1.2 7.21 40.09 47.30 OK
r-release-macos-arm64 0.1.2 26.00 OK
r-release-macos-x86_64 0.1.2 41.00 OK
r-release-windows-x86_64 0.1.2 9.00 57.00 66.00 OK
r-oldrel-macos-arm64 0.1.2 29.00 OK
r-oldrel-macos-x86_64 0.1.2 46.00 OK
r-oldrel-windows-x86_64 0.1.2 12.00 67.00 79.00 OK

Check Details

Version: 0.1.2
Check: dependencies in R code
Result: NOTE Namespaces in Imports field not imported from: ‘bigalgebra’ ‘biganalytics’ All declared Imports should be used. Flavors: r-devel-linux-x86_64-fedora-clang, r-devel-linux-x86_64-fedora-gcc