CRAN Package Check Results for Package fusionclust

Last updated on 2025-01-19 05:49:09 CET.

Flavor Version Tinstall Tcheck Ttotal Status Flags
r-devel-linux-x86_64-debian-clang 1.0.0 7.23 76.93 84.16 OK
r-devel-linux-x86_64-debian-gcc 1.0.0 4.97 57.15 62.12 OK
r-devel-linux-x86_64-fedora-clang 1.0.0 135.30 OK
r-devel-linux-x86_64-fedora-gcc 1.0.0 147.42 OK
r-devel-windows-x86_64 1.0.0 9.00 89.00 98.00 OK
r-patched-linux-x86_64 1.0.0 6.68 73.39 80.07 NOTE
r-release-linux-x86_64 1.0.0 7.51 71.52 79.03 NOTE
r-release-macos-arm64 1.0.0 45.00 NOTE
r-release-macos-x86_64 1.0.0 68.00 NOTE
r-release-windows-x86_64 1.0.0 10.00 89.00 99.00 NOTE
r-oldrel-macos-arm64 1.0.0 50.00 NOTE
r-oldrel-macos-x86_64 1.0.0 72.00 NOTE
r-oldrel-windows-x86_64 1.0.0 7.00 102.00 109.00 NOTE

Check Details

Version: 1.0.0
Check: LazyData
Result: NOTE 'LazyData' is specified without a 'data' directory Flavors: r-patched-linux-x86_64, r-release-linux-x86_64, r-release-macos-arm64, r-release-macos-x86_64, r-release-windows-x86_64, r-oldrel-macos-arm64, r-oldrel-macos-x86_64, r-oldrel-windows-x86_64