Last updated on 2025-01-19 05:49:09 CET.
Flavor | Version | Tinstall | Tcheck | Ttotal | Status | Flags |
---|---|---|---|---|---|---|
r-devel-linux-x86_64-debian-clang | 0.3.4 | 29.33 | 26.03 | 55.36 | NOTE | |
r-devel-linux-x86_64-debian-gcc | 0.3.4 | 21.81 | 20.90 | 42.71 | NOTE | |
r-devel-linux-x86_64-fedora-clang | 0.3.4 | 105.30 | NOTE | |||
r-devel-linux-x86_64-fedora-gcc | 0.3.4 | 105.53 | NOTE | |||
r-devel-windows-x86_64 | 0.3.4 | 33.00 | 65.00 | 98.00 | NOTE | |
r-patched-linux-x86_64 | 0.3.4 | 29.95 | 25.38 | 55.33 | NOTE | |
r-release-linux-x86_64 | 0.3.4 | 29.25 | 24.81 | 54.06 | NOTE | |
r-release-macos-arm64 | 0.3.4 | 31.00 | NOTE | |||
r-release-macos-x86_64 | 0.3.4 | 34.00 | NOTE | |||
r-release-windows-x86_64 | 0.3.4 | 34.00 | 65.00 | 99.00 | NOTE | |
r-oldrel-macos-arm64 | 0.3.4 | 35.00 | NOTE | |||
r-oldrel-macos-x86_64 | 0.3.4 | 56.00 | NOTE | |||
r-oldrel-windows-x86_64 | 0.3.4 | 36.00 | 73.00 | 109.00 | NOTE |
Version: 0.3.4
Check: C++ specification
Result: NOTE
Specified C++11: please drop specification unless essential
Flavors: r-devel-linux-x86_64-debian-clang, r-devel-linux-x86_64-debian-gcc, r-devel-linux-x86_64-fedora-clang, r-devel-linux-x86_64-fedora-gcc, r-devel-windows-x86_64, r-patched-linux-x86_64, r-release-linux-x86_64, r-release-macos-arm64, r-release-macos-x86_64, r-release-windows-x86_64, r-oldrel-macos-arm64, r-oldrel-macos-x86_64, r-oldrel-windows-x86_64