Last updated on 2024-04-24 19:55:09 CEST.
Flavor | Version | Tinstall | Tcheck | Ttotal | Status | Flags |
---|---|---|---|---|---|---|
r-devel-linux-x86_64-debian-clang | 0.3.4 | 53.63 | 32.13 | 85.76 | NOTE | |
r-devel-linux-x86_64-debian-gcc | 0.3.4 | 44.26 | 25.03 | 69.29 | NOTE | |
r-devel-linux-x86_64-fedora-clang | 0.3.4 | 139.61 | NOTE | |||
r-devel-linux-x86_64-fedora-gcc | 0.3.4 | 129.77 | NOTE | |||
r-devel-windows-x86_64 | 0.3.4 | 46.00 | 64.00 | 110.00 | NOTE | |
r-patched-linux-x86_64 | 0.3.4 | 53.15 | 31.19 | 84.34 | NOTE | |
r-release-linux-x86_64 | 0.3.4 | 58.43 | 30.90 | 89.33 | NOTE | |
r-release-macos-arm64 | 0.3.4 | 35.00 | NOTE | |||
r-release-windows-x86_64 | 0.3.4 | 42.00 | 65.00 | 107.00 | NOTE | |
r-oldrel-macos-arm64 | 0.3.4 | 36.00 | OK | |||
r-oldrel-macos-x86_64 | 0.3.4 | 56.00 | NOTE | |||
r-oldrel-windows-x86_64 | 0.3.4 | 42.00 | 70.00 | 112.00 | NOTE |
Version: 0.3.4
Check: C++ specification
Result: NOTE
Specified C++11: please drop specification unless essential
Flavors: r-devel-linux-x86_64-debian-clang, r-devel-linux-x86_64-debian-gcc, r-devel-linux-x86_64-fedora-clang, r-devel-linux-x86_64-fedora-gcc, r-devel-windows-x86_64, r-patched-linux-x86_64, r-release-linux-x86_64, r-release-macos-arm64, r-release-windows-x86_64, r-oldrel-macos-x86_64, r-oldrel-windows-x86_64