Last updated on 2025-01-19 05:49:09 CET.
Flavor | Version | Tinstall | Tcheck | Ttotal | Status | Flags |
---|---|---|---|---|---|---|
r-devel-linux-x86_64-debian-clang | 1.0.4 | 43.91 | 160.90 | 204.81 | OK | |
r-devel-linux-x86_64-debian-gcc | 1.0.4 | 30.47 | 135.71 | 166.18 | OK | |
r-devel-linux-x86_64-fedora-clang | 1.0.4 | 320.66 | OK | |||
r-devel-linux-x86_64-fedora-gcc | 1.0.4 | 313.22 | OK | |||
r-devel-windows-x86_64 | 1.0.4 | 45.00 | 182.00 | 227.00 | OK | |
r-patched-linux-x86_64 | 1.0.4 | 43.29 | 154.73 | 198.02 | OK | |
r-release-linux-x86_64 | 1.0.4 | 41.45 | 152.35 | 193.80 | OK | |
r-release-macos-arm64 | 1.0.4 | 99.00 | NOTE | |||
r-release-macos-x86_64 | 1.0.4 | 181.00 | NOTE | |||
r-release-windows-x86_64 | 1.0.4 | 47.00 | 165.00 | 212.00 | OK | |
r-oldrel-macos-arm64 | 1.0.4 | 107.00 | NOTE | |||
r-oldrel-macos-x86_64 | 1.0.4 | 173.00 | NOTE | |||
r-oldrel-windows-x86_64 | 1.0.4 | 54.00 | 225.00 | 279.00 | OK |
Version: 1.0.4
Check: installed package size
Result: NOTE
installed size is 7.8Mb
sub-directories of 1Mb or more:
libs 7.4Mb
Flavors: r-release-macos-arm64, r-release-macos-x86_64, r-oldrel-macos-arm64, r-oldrel-macos-x86_64