Last updated on 2025-01-19 05:49:10 CET.
Flavor | Version | Tinstall | Tcheck | Ttotal | Status | Flags |
---|---|---|---|---|---|---|
r-devel-linux-x86_64-debian-clang | 1.0-8 | 24.79 | 123.78 | 148.57 | NOTE | |
r-devel-linux-x86_64-debian-gcc | 1.0-8 | 17.08 | 88.66 | 105.74 | NOTE | |
r-devel-linux-x86_64-fedora-clang | 1.0-8 | 255.25 | NOTE | |||
r-devel-linux-x86_64-fedora-gcc | 1.0-8 | 245.91 | NOTE | |||
r-devel-windows-x86_64 | 1.0-8 | 20.00 | 93.00 | 113.00 | NOTE | |
r-patched-linux-x86_64 | 1.0-8 | 25.25 | 118.72 | 143.97 | NOTE | |
r-release-linux-x86_64 | 1.0-8 | 23.55 | 118.45 | 142.00 | NOTE | |
r-release-macos-arm64 | 1.0-8 | 95.00 | NOTE | |||
r-release-macos-x86_64 | 1.0-8 | 105.00 | NOTE | |||
r-release-windows-x86_64 | 1.0-8 | 22.00 | 92.00 | 114.00 | NOTE | |
r-oldrel-macos-arm64 | 1.0-8 | 57.00 | OK | |||
r-oldrel-macos-x86_64 | 1.0-8 | 105.00 | OK | |||
r-oldrel-windows-x86_64 | 1.0-8 | 25.00 | 109.00 | 134.00 | OK |
Version: 1.0-8
Check: Rd files
Result: NOTE
checkRd: (-1) gWidgets2tcltk-undocumented.Rd:285: Lost braces in \itemize; meant \describe ?
checkRd: (-1) gWidgets2tcltk-undocumented.Rd:286-293: Lost braces in \itemize; meant \describe ?
checkRd: (-1) gWidgets2tcltk-undocumented.Rd:378: Lost braces
378 | \item{visible}{logical. If code{TRUE} window is drawn when
| ^
Flavors: r-devel-linux-x86_64-debian-clang, r-devel-linux-x86_64-debian-gcc, r-devel-linux-x86_64-fedora-clang, r-devel-linux-x86_64-fedora-gcc, r-devel-windows-x86_64, r-patched-linux-x86_64, r-release-linux-x86_64, r-release-macos-arm64, r-release-macos-x86_64, r-release-windows-x86_64
Version: 1.0-8
Check: Rd cross-references
Result: NOTE
Found the following Rd file(s) with Rd \link{} targets missing package
anchors:
gWidgets2tcltk-undocumented.Rd: gbutton, gprogressbar
Please provide package anchors for all Rd \link{} targets not in the
package itself and the base packages.
Flavors: r-devel-linux-x86_64-debian-clang, r-devel-linux-x86_64-debian-gcc, r-devel-windows-x86_64