Last updated on 2024-04-20 20:00:07 CEST.
Flavor | Version | Tinstall | Tcheck | Ttotal | Status | Flags |
---|---|---|---|---|---|---|
r-devel-linux-x86_64-debian-clang | 1.0-8 | 34.30 | 172.68 | 206.98 | NOTE | |
r-devel-linux-x86_64-debian-gcc | 1.0-8 | 24.06 | 120.60 | 144.66 | NOTE | |
r-devel-linux-x86_64-fedora-clang | 1.0-8 | 250.78 | NOTE | |||
r-devel-linux-x86_64-fedora-gcc | 1.0-8 | 241.03 | NOTE | |||
r-prerel-macos-arm64 | 1.0-8 | 95.00 | NOTE | |||
r-prerel-windows-x86_64 | 1.0-8 | 19.00 | 90.00 | 109.00 | NOTE | |
r-patched-linux-x86_64 | 1.0-8 | 34.42 | 163.80 | 198.22 | NOTE | |
r-release-linux-x86_64 | 1.0-8 | 23.35 | 142.23 | 165.58 | OK | |
r-release-macos-arm64 | 1.0-8 | 57.00 | OK | |||
r-release-macos-x86_64 | 1.0-8 | 105.00 | OK | |||
r-release-windows-x86_64 | 1.0-8 | 26.00 | 107.00 | 133.00 | OK | |
r-oldrel-macos-arm64 | 1.0-8 | 90.00 | OK | |||
r-oldrel-windows-x86_64 | 1.0-8 | 30.00 | 112.00 | 142.00 | OK |
Version: 1.0-8
Check: Rd files
Result: NOTE
checkRd: (-1) gWidgets2tcltk-undocumented.Rd:285: Lost braces in \itemize; meant \describe ?
checkRd: (-1) gWidgets2tcltk-undocumented.Rd:286-293: Lost braces in \itemize; meant \describe ?
checkRd: (-1) gWidgets2tcltk-undocumented.Rd:378: Lost braces
378 | \item{visible}{logical. If code{TRUE} window is drawn when
| ^
Flavors: r-devel-linux-x86_64-debian-clang, r-devel-linux-x86_64-debian-gcc, r-devel-linux-x86_64-fedora-clang, r-devel-linux-x86_64-fedora-gcc, r-prerel-macos-arm64, r-prerel-windows-x86_64, r-patched-linux-x86_64