Last updated on 2025-02-14 13:50:02 CET.
Flavor | Version | Tinstall | Tcheck | Ttotal | Status | Flags |
---|---|---|---|---|---|---|
r-devel-linux-x86_64-debian-clang | 0.2.1 | 55.53 | 153.74 | 209.27 | OK | |
r-devel-linux-x86_64-debian-gcc | 0.2.1 | 45.50 | 113.76 | 159.26 | OK | |
r-devel-linux-x86_64-fedora-clang | 0.2.1 | 342.40 | OK | |||
r-devel-linux-x86_64-fedora-gcc | 0.2.1 | 374.43 | OK | |||
r-devel-windows-x86_64 | 0.2.1 | 55.00 | 202.00 | 257.00 | OK | |
r-patched-linux-x86_64 | 0.2.1 | 63.36 | 150.61 | 213.97 | OK | |
r-release-linux-x86_64 | 0.2.1 | 63.34 | 151.10 | 214.44 | OK | |
r-release-macos-arm64 | 0.2.1 | 116.00 | NOTE | |||
r-release-macos-x86_64 | 0.2.1 | 302.00 | NOTE | |||
r-release-windows-x86_64 | 0.2.1 | 57.00 | 193.00 | 250.00 | OK | |
r-oldrel-macos-arm64 | 0.2.1 | 113.00 | NOTE | |||
r-oldrel-macos-x86_64 | 0.2.1 | 226.00 | NOTE | |||
r-oldrel-windows-x86_64 | 0.2.1 | 66.00 | 236.00 | 302.00 | OK |
Version: 0.2.1
Check: installed package size
Result: NOTE
installed size is 25.8Mb
sub-directories of 1Mb or more:
doc 2.0Mb
libs 22.2Mb
Flavors: r-release-macos-arm64, r-release-macos-x86_64, r-oldrel-macos-arm64, r-oldrel-macos-x86_64