Last updated on 2025-01-19 05:49:09 CET.
Flavor | Version | Tinstall | Tcheck | Ttotal | Status | Flags |
---|---|---|---|---|---|---|
r-devel-linux-x86_64-debian-clang | 0.2.5 | 6.10 | 38.98 | 45.08 | OK | |
r-devel-linux-x86_64-debian-gcc | 0.2.5 | 4.30 | 28.81 | 33.11 | OK | |
r-devel-linux-x86_64-fedora-clang | 0.2.5 | 73.66 | NOTE | |||
r-devel-linux-x86_64-fedora-gcc | 0.2.5 | 67.15 | NOTE | |||
r-devel-windows-x86_64 | 0.2.5 | 8.00 | 58.00 | 66.00 | OK | |
r-patched-linux-x86_64 | 0.2.5 | 5.08 | 35.52 | 40.60 | OK | |
r-release-linux-x86_64 | 0.2.5 | 4.94 | 35.12 | 40.06 | OK | |
r-release-macos-arm64 | 0.2.5 | 24.00 | OK | |||
r-release-macos-x86_64 | 0.2.5 | 40.00 | OK | |||
r-release-windows-x86_64 | 0.2.5 | 8.00 | 56.00 | 64.00 | OK | |
r-oldrel-macos-arm64 | 0.2.5 | 24.00 | OK | |||
r-oldrel-macos-x86_64 | 0.2.5 | 37.00 | OK | |||
r-oldrel-windows-x86_64 | 0.2.5 | 9.00 | 63.00 | 72.00 | OK |
Version: 0.2.5
Check: dependencies in R code
Result: NOTE
Namespaces in Imports field not imported from:
‘gargle’ ‘getProxy’ ‘rappsflyer’ ‘rfacebookstat’ ‘rgoogleads’
‘rmytarget’ ‘rvkstat’ ‘ryandexdirect’ ‘rym’ ‘tidyr’
All declared Imports should be used.
Flavors: r-devel-linux-x86_64-fedora-clang, r-devel-linux-x86_64-fedora-gcc