Last updated on 2024-04-20 20:00:05 CEST.
Flavor | Version | Tinstall | Tcheck | Ttotal | Status | Flags |
---|---|---|---|---|---|---|
r-devel-linux-x86_64-debian-clang | 3.5.1 | 15.17 | 119.77 | 134.94 | NOTE | |
r-devel-linux-x86_64-debian-gcc | 3.5.1 | 12.75 | 86.78 | 99.53 | NOTE | |
r-devel-linux-x86_64-fedora-clang | 3.5.1 | 166.37 | NOTE | |||
r-devel-linux-x86_64-fedora-gcc | 3.5.1 | 158.22 | NOTE | |||
r-prerel-macos-arm64 | 3.5.1 | 43.00 | NOTE | |||
r-prerel-windows-x86_64 | 3.5.1 | 14.00 | 96.00 | 110.00 | NOTE | |
r-patched-linux-x86_64 | 3.5.1 | 15.64 | 116.81 | 132.45 | NOTE | |
r-release-linux-x86_64 | 3.5.1 | 16.16 | 115.16 | 131.32 | NOTE | |
r-release-macos-arm64 | 3.5.1 | 46.00 | NOTE | |||
r-release-macos-x86_64 | 3.5.1 | 82.00 | NOTE | |||
r-release-windows-x86_64 | 3.5.1 | 18.00 | 117.00 | 135.00 | NOTE | |
r-oldrel-macos-arm64 | 3.5.1 | 42.00 | NOTE | |||
r-oldrel-windows-x86_64 | 3.5.1 | 18.00 | 124.00 | 142.00 | NOTE |
Version: 3.5.1
Check: LazyData
Result: NOTE
'LazyData' is specified without a 'data' directory
Flavors: r-devel-linux-x86_64-debian-clang, r-devel-linux-x86_64-debian-gcc, r-devel-linux-x86_64-fedora-clang, r-devel-linux-x86_64-fedora-gcc, r-prerel-macos-arm64, r-prerel-windows-x86_64, r-patched-linux-x86_64, r-release-linux-x86_64, r-release-macos-arm64, r-release-macos-x86_64, r-release-windows-x86_64, r-oldrel-macos-arm64, r-oldrel-windows-x86_64