CRAN Package Check Results for Package gamlss.ggplots

Last updated on 2025-01-19 05:49:09 CET.

Flavor Version Tinstall Tcheck Ttotal Status Flags
r-devel-linux-x86_64-debian-clang 2.1-12 22.00 180.26 202.26 NOTE
r-devel-linux-x86_64-debian-gcc 2.1-12 14.03 116.61 130.64 NOTE
r-devel-linux-x86_64-fedora-clang 2.1-12 332.66 OK
r-devel-linux-x86_64-fedora-gcc 2.1-12 308.23 OK
r-devel-windows-x86_64 2.1-12 24.00 169.00 193.00 NOTE
r-patched-linux-x86_64 2.1-12 26.04 166.45 192.49 OK
r-release-linux-x86_64 2.1-12 20.49 166.49 186.98 OK
r-release-macos-arm64 2.1-12 78.00 OK
r-release-macos-x86_64 2.1-12 165.00 OK
r-release-windows-x86_64 2.1-12 25.00 172.00 197.00 OK
r-oldrel-macos-arm64 2.1-12 78.00 OK
r-oldrel-macos-x86_64 2.1-12 195.00 OK
r-oldrel-windows-x86_64 2.1-12 27.00 214.00 241.00 OK

Check Details

Version: 2.1-12
Check: Rd cross-references
Result: NOTE Found the following Rd file(s) with Rd \link{} targets missing package anchors: family_pdf.Rd: gamlss fitted_cdf.Rd: gamlss fitted_devianceIncr.Rd: gamlss model_pca.Rd: gamlss resid_plot.Rd: gamlss, plot.gamlss Please provide package anchors for all Rd \link{} targets not in the package itself and the base packages. Flavors: r-devel-linux-x86_64-debian-clang, r-devel-linux-x86_64-debian-gcc, r-devel-windows-x86_64