Last updated on 2025-01-19 05:49:09 CET.
Flavor | Version | Tinstall | Tcheck | Ttotal | Status | Flags |
---|---|---|---|---|---|---|
r-devel-linux-x86_64-debian-clang | 5.4-22 | 28.31 | 181.55 | 209.86 | NOTE | |
r-devel-linux-x86_64-debian-gcc | 5.4-22 | 18.66 | 115.79 | 134.45 | NOTE | |
r-devel-linux-x86_64-fedora-clang | 5.4-22 | 344.51 | OK | |||
r-devel-linux-x86_64-fedora-gcc | 5.4-22 | 322.41 | OK | |||
r-devel-windows-x86_64 | 5.4-22 | 29.00 | 190.00 | 219.00 | NOTE | |
r-patched-linux-x86_64 | 5.4-22 | 28.63 | 170.36 | 198.99 | OK | |
r-release-linux-x86_64 | 5.4-22 | 23.34 | 171.58 | 194.92 | OK | |
r-release-macos-arm64 | 5.4-22 | 78.00 | OK | |||
r-release-macos-x86_64 | 5.4-22 | 192.00 | OK | |||
r-release-windows-x86_64 | 5.4-22 | 29.00 | 190.00 | 219.00 | OK | |
r-oldrel-macos-arm64 | 5.4-22 | 86.00 | OK | |||
r-oldrel-macos-x86_64 | 5.4-22 | 251.00 | OK | |||
r-oldrel-windows-x86_64 | 5.4-22 | 36.00 | 240.00 | 276.00 | OK |
Version: 5.4-22
Check: Rd cross-references
Result: NOTE
Found the following Rd file(s) with Rd \link{} targets missing package
anchors:
LR.test.Rd: dropterm
gamlss.ps.Rd: ridge
Please provide package anchors for all Rd \link{} targets not in the
package itself and the base packages.
Flavors: r-devel-linux-x86_64-debian-clang, r-devel-linux-x86_64-debian-gcc, r-devel-windows-x86_64