Last updated on 2024-04-17 13:57:28 CEST.
Flavor | Version | Tinstall | Tcheck | Ttotal | Status | Flags |
---|---|---|---|---|---|---|
r-devel-linux-x86_64-debian-clang | 1.0-1 | 10.99 | 108.78 | 119.77 | NOTE | |
r-devel-linux-x86_64-debian-gcc | 1.0-1 | 10.01 | 77.91 | 87.92 | NOTE | |
r-devel-linux-x86_64-fedora-clang | 1.0-1 | 146.92 | NOTE | |||
r-devel-linux-x86_64-fedora-gcc | 1.0-1 | 141.60 | NOTE | |||
r-prerel-macos-arm64 | 1.0-1 | 42.00 | NOTE | |||
r-prerel-windows-x86_64 | 1.0-1 | 10.00 | 92.00 | 102.00 | NOTE | --no-vignettes |
r-patched-linux-x86_64 | 1.0-1 | 14.04 | 103.63 | 117.67 | NOTE | |
r-release-linux-x86_64 | 1.0-1 | 10.25 | 104.52 | 114.77 | OK | |
r-release-macos-arm64 | 1.0-1 | 45.00 | OK | |||
r-release-macos-x86_64 | 1.0-1 | 77.00 | OK | |||
r-release-windows-x86_64 | 1.0-1 | 14.00 | 95.00 | 109.00 | OK | --no-vignettes |
r-oldrel-macos-arm64 | 1.0-1 | 45.00 | OK | |||
r-oldrel-windows-x86_64 | 1.0-1 | 15.00 | 97.00 | 112.00 | OK | --no-vignettes |
Version: 1.0-1
Check: Rd files
Result: NOTE
checkRd: (-1) term.plotZadj.Rd:6: Lost braces
6 | \ This is a wrapper to function \code{\link[gamlss]{term.plot}}. code{term.plotZadj} produces term plots for a specified parameter from a
| ^
Flavors: r-devel-linux-x86_64-debian-clang, r-devel-linux-x86_64-debian-gcc, r-devel-linux-x86_64-fedora-clang, r-devel-linux-x86_64-fedora-gcc, r-prerel-macos-arm64, r-patched-linux-x86_64
Version: 1.0-1
Flags: --no-vignettes
Check: Rd files
Result: NOTE
checkRd: (-1) term.plotZadj.Rd:6: Lost braces
6 | \ This is a wrapper to function \code{\link[gamlss]{term.plot}}. code{term.plotZadj} produces term plots for a specified parameter from a
| ^
Flavor: r-prerel-windows-x86_64