CRAN Package Check Results for Package gamm4

Last updated on 2025-01-19 05:49:09 CET.

Flavor Version Tinstall Tcheck Ttotal Status Flags
r-devel-linux-x86_64-debian-clang 0.2-6 8.71 69.31 78.02 NOTE
r-devel-linux-x86_64-debian-gcc 0.2-6 6.16 51.91 58.07 NOTE
r-devel-linux-x86_64-fedora-clang 0.2-6 127.01 OK
r-devel-linux-x86_64-fedora-gcc 0.2-6 117.58 OK
r-devel-windows-x86_64 0.2-6 9.00 85.00 94.00 NOTE
r-patched-linux-x86_64 0.2-6 10.93 65.89 76.82 OK
r-release-linux-x86_64 0.2-6 6.89 65.35 72.24 OK
r-release-macos-arm64 0.2-6 38.00 OK
r-release-macos-x86_64 0.2-6 55.00 OK
r-release-windows-x86_64 0.2-6 9.00 82.00 91.00 OK
r-oldrel-macos-arm64 0.2-6 46.00 OK
r-oldrel-macos-x86_64 0.2-6 63.00 OK
r-oldrel-windows-x86_64 0.2-6 11.00 100.00 111.00 OK

Check Details

Version: 0.2-6
Check: Rd cross-references
Result: NOTE Found the following Rd file(s) with Rd \link{} targets missing package anchors: gamm4.Rd: lmer, glmer, lmerControl, glmerControl Please provide package anchors for all Rd \link{} targets not in the package itself and the base packages. Flavors: r-devel-linux-x86_64-debian-clang, r-devel-linux-x86_64-debian-gcc, r-devel-windows-x86_64