CRAN Package Check Results for Package gateR

Last updated on 2025-01-19 05:49:09 CET.

Flavor Version Tinstall Tcheck Ttotal Status Flags
r-devel-linux-x86_64-debian-clang 0.1.15 43.13 382.42 425.55 NOTE
r-devel-linux-x86_64-debian-gcc 0.1.15 31.31 266.14 297.45 NOTE
r-devel-linux-x86_64-fedora-clang 0.1.15 756.14 OK
r-devel-linux-x86_64-fedora-gcc 0.1.15 725.45 OK
r-devel-windows-x86_64 0.1.15 27.00 258.00 285.00 NOTE
r-patched-linux-x86_64 0.1.15 44.39 359.65 404.04 OK
r-release-linux-x86_64 0.1.15 42.24 360.24 402.48 OK
r-release-macos-arm64 0.1.15 276.00 OK
r-release-macos-x86_64 0.1.15 271.00 OK
r-release-windows-x86_64 0.1.15 29.00 253.00 282.00 OK
r-oldrel-macos-arm64 0.1.15 157.00 OK
r-oldrel-macos-x86_64 0.1.15 358.00 OK
r-oldrel-windows-x86_64 0.1.15 36.00 323.00 359.00 OK

Check Details

Version: 0.1.15
Check: Rd cross-references
Result: NOTE Found the following Rd file(s) with Rd \link{} targets missing package anchors: gateR-package.Rd: sparr, spatstat.geom, terra Please provide package anchors for all Rd \link{} targets not in the package itself and the base packages. Flavors: r-devel-linux-x86_64-debian-clang, r-devel-linux-x86_64-debian-gcc, r-devel-windows-x86_64