Last updated on 2024-04-20 20:00:05 CEST.
Flavor | Version | Tinstall | Tcheck | Ttotal | Status | Flags |
---|---|---|---|---|---|---|
r-devel-linux-x86_64-debian-clang | 1.1.8 | 55.18 | 53.92 | 109.10 | OK | |
r-devel-linux-x86_64-debian-gcc | 1.1.8 | 45.42 | 40.23 | 85.65 | OK | |
r-devel-linux-x86_64-fedora-clang | 1.1.8 | 150.32 | NOTE | |||
r-devel-linux-x86_64-fedora-gcc | 1.1.8 | 157.46 | OK | |||
r-prerel-macos-arm64 | 1.1.8 | 36.00 | OK | |||
r-prerel-windows-x86_64 | 1.1.8 | 43.00 | 82.00 | 125.00 | OK | |
r-patched-linux-x86_64 | 1.1.8 | 56.27 | 50.57 | 106.84 | OK | |
r-release-linux-x86_64 | 1.1.8 | 56.23 | 51.23 | 107.46 | OK | |
r-release-macos-arm64 | 1.1.8 | 37.00 | OK | |||
r-release-macos-x86_64 | 1.1.8 | 65.00 | OK | |||
r-release-windows-x86_64 | 1.1.8 | 53.00 | 93.00 | 146.00 | OK | |
r-oldrel-macos-arm64 | 1.1.8 | 39.00 | OK | |||
r-oldrel-windows-x86_64 | 1.1.8 | 55.00 | 91.00 | 146.00 | OK |
Version: 1.1.8
Check: Rd cross-references
Result: NOTE
Undeclared package ‘gcmr’ in Rd xrefs
Flavor: r-devel-linux-x86_64-fedora-clang