CRAN Package Check Results for Package gcTensor

Last updated on 2025-01-19 05:49:09 CET.

Flavor Version Tinstall Tcheck Ttotal Status Flags
r-devel-linux-x86_64-debian-clang 1.0.0 2.74 57.26 60.00 NOTE
r-devel-linux-x86_64-debian-gcc 1.0.0 2.18 37.34 39.52 NOTE
r-devel-linux-x86_64-fedora-clang 1.0.0 98.50 NOTE
r-devel-linux-x86_64-fedora-gcc 1.0.0 92.46 NOTE
r-devel-windows-x86_64 1.0.0 4.00 69.00 73.00 NOTE
r-patched-linux-x86_64 1.0.0 2.79 51.02 53.81 NOTE
r-release-linux-x86_64 1.0.0 2.60 51.43 54.03 NOTE
r-release-macos-arm64 1.0.0 27.00 NOTE
r-release-macos-x86_64 1.0.0 50.00 NOTE
r-release-windows-x86_64 1.0.0 6.00 67.00 73.00 NOTE
r-oldrel-macos-arm64 1.0.0 32.00 OK
r-oldrel-macos-x86_64 1.0.0 80.00 OK
r-oldrel-windows-x86_64 1.0.0 5.00 78.00 83.00 OK

Check Details

Version: 1.0.0
Check: Rd files
Result: NOTE checkRd: (-1) GCTF.Rd:56: Lost braces; missing escapes or markup? 56 | U : A matrix which has N-rows and J-columns (J < {N, M}). | ^ checkRd: (-1) GCTF.Rd:57: Lost braces; missing escapes or markup? 57 | V : A matrix which has M-rows and J-columns (J < {N, M}). | ^ checkRd: (-1) GCTF.Rd:58: Lost braces; missing escapes or markup? 58 | J : The number of dimension (J < {N, M}). | ^ Flavors: r-devel-linux-x86_64-debian-clang, r-devel-linux-x86_64-debian-gcc, r-devel-linux-x86_64-fedora-clang, r-devel-linux-x86_64-fedora-gcc, r-devel-windows-x86_64, r-patched-linux-x86_64, r-release-linux-x86_64, r-release-macos-arm64, r-release-macos-x86_64, r-release-windows-x86_64