Last updated on 2024-04-20 20:00:05 CEST.
Flavor | Version | Tinstall | Tcheck | Ttotal | Status | Flags |
---|---|---|---|---|---|---|
r-devel-linux-x86_64-debian-clang | 1.0.3 | 7.91 | 79.83 | 87.74 | NOTE | |
r-devel-linux-x86_64-debian-gcc | 1.0.3 | 6.71 | 58.79 | 65.50 | NOTE | |
r-devel-linux-x86_64-fedora-clang | 1.0.3 | 109.46 | NOTE | |||
r-devel-linux-x86_64-fedora-gcc | 1.0.3 | 107.88 | NOTE | |||
r-prerel-macos-arm64 | 1.0.3 | 35.00 | NOTE | |||
r-prerel-windows-x86_64 | 1.0.3 | 11.00 | 79.00 | 90.00 | NOTE | |
r-patched-linux-x86_64 | 1.0.3 | 16.41 | 76.31 | 92.72 | NOTE | |
r-release-linux-x86_64 | 1.0.3 | 7.04 | 77.50 | 84.54 | OK | |
r-release-macos-arm64 | 1.0.3 | 37.00 | OK | |||
r-release-macos-x86_64 | 1.0.3 | 54.00 | OK | |||
r-release-windows-x86_64 | 1.0.3 | 13.00 | 91.00 | 104.00 | OK | |
r-oldrel-macos-arm64 | 1.0.3 | 42.00 | OK | |||
r-oldrel-windows-x86_64 | 1.0.3 | 12.00 | 101.00 | 113.00 | OK |
Version: 1.0.3
Check: Rd files
Result: NOTE
checkRd: (-1) matern.cormat.Rd:17: Lost braces; missing escapes or markup?
17 | value of the shape parameter of the Matern correlation class. The default {alpha = 0.5} corresponds to an exponential correlation model.
| ^
Flavors: r-devel-linux-x86_64-debian-clang, r-devel-linux-x86_64-debian-gcc, r-devel-linux-x86_64-fedora-clang, r-devel-linux-x86_64-fedora-gcc, r-prerel-macos-arm64, r-prerel-windows-x86_64, r-patched-linux-x86_64