Last updated on 2025-01-19 05:49:09 CET.
Flavor | Version | Tinstall | Tcheck | Ttotal | Status | Flags |
---|---|---|---|---|---|---|
r-devel-linux-x86_64-debian-clang | 0.7.0 | 334.75 | 139.52 | 474.27 | OK | |
r-devel-linux-x86_64-debian-gcc | 0.7.0 | 267.61 | 98.28 | 365.89 | OK | |
r-devel-linux-x86_64-fedora-clang | 0.7.0 | 780.44 | OK | |||
r-devel-linux-x86_64-fedora-gcc | 0.7.0 | 983.80 | OK | |||
r-devel-windows-x86_64 | 0.7.0 | 314.00 | 654.00 | 968.00 | OK | |
r-patched-linux-x86_64 | 0.7.0 | 365.45 | 130.76 | 496.21 | OK | |
r-release-linux-x86_64 | 0.7.0 | 364.10 | 130.93 | 495.03 | OK | |
r-release-macos-arm64 | 0.7.0 | 204.00 | NOTE | |||
r-release-macos-x86_64 | 0.7.0 | 268.00 | NOTE | |||
r-release-windows-x86_64 | 0.7.0 | 343.00 | 695.00 | 1038.00 | NOTE | |
r-oldrel-macos-arm64 | 0.7.0 | 263.00 | NOTE | |||
r-oldrel-macos-x86_64 | 0.7.0 | 392.00 | NOTE | |||
r-oldrel-windows-x86_64 | 0.7.0 | 381.00 | 860.00 | 1241.00 | NOTE |
Version: 0.7.0
Check: installed package size
Result: NOTE
installed size is 278.2Mb
sub-directories of 1Mb or more:
L8NY18 2.2Mb
libs 274.7Mb
Flavors: r-release-macos-arm64, r-release-macos-x86_64, r-release-windows-x86_64, r-oldrel-macos-arm64, r-oldrel-macos-x86_64, r-oldrel-windows-x86_64