CRAN Package Check Results for Package gdns

Last updated on 2019-10-15 12:46:11 CEST.

Flavor Version Tinstall Tcheck Ttotal Status Flags
r-devel-linux-x86_64-debian-clang 0.3.1 2.05 23.22 25.27 OK
r-devel-linux-x86_64-debian-gcc 0.3.1 1.62 18.81 20.43 OK
r-devel-linux-x86_64-fedora-clang 0.3.1 31.52 NOTE
r-devel-linux-x86_64-fedora-gcc 0.3.1 30.63 NOTE
r-devel-windows-ix86+x86_64 0.3.1 6.00 53.00 59.00 OK
r-patched-linux-x86_64 0.3.1 1.94 22.73 24.67 OK
r-patched-solaris-x86 0.3.1 50.90 NOTE
r-release-linux-x86_64 0.3.1 1.91 22.97 24.88 OK
r-release-windows-ix86+x86_64 0.3.1 6.00 38.00 44.00 OK
r-release-osx-x86_64 0.3.1 NOTE
r-oldrel-windows-ix86+x86_64 0.3.1 3.00 35.00 38.00 OK
r-oldrel-osx-x86_64 0.3.1 NOTE

Check Details

Version: 0.3.1
Check: data for non-ASCII characters
Result: NOTE
     Note: found 1 marked UTF-8 string
Flavors: r-devel-linux-x86_64-fedora-clang, r-devel-linux-x86_64-fedora-gcc, r-patched-solaris-x86, r-release-osx-x86_64, r-oldrel-osx-x86_64