CRAN Package Check Results for Package gdns

Last updated on 2020-05-28 12:48:39 CEST.

Flavor Version Tinstall Tcheck Ttotal Status Flags
r-devel-linux-x86_64-debian-clang 0.5.0 2.74 25.98 28.72 OK
r-devel-linux-x86_64-debian-gcc 0.5.0 1.81 20.79 22.60 OK
r-devel-linux-x86_64-fedora-clang 0.5.0 34.24 NOTE
r-devel-linux-x86_64-fedora-gcc 0.5.0 34.11 NOTE
r-devel-windows-ix86+x86_64 0.5.0 14.00 57.00 71.00 OK
r-patched-linux-x86_64 0.5.0 2.23 25.69 27.92 OK
r-patched-solaris-x86 0.5.0 59.70 NOTE
r-release-linux-x86_64 0.5.0 2.50 25.88 28.38 OK
r-release-osx-x86_64 0.5.0 NOTE
r-release-windows-ix86+x86_64 0.5.0 6.00 54.00 60.00 OK
r-oldrel-osx-x86_64 0.5.0 NOTE
r-oldrel-windows-ix86+x86_64 0.5.0 5.00 39.00 44.00 OK

Check Details

Version: 0.5.0
Check: data for non-ASCII characters
Result: NOTE
     Note: found 1 marked UTF-8 string
Flavors: r-devel-linux-x86_64-fedora-clang, r-devel-linux-x86_64-fedora-gcc, r-patched-solaris-x86, r-release-osx-x86_64, r-oldrel-osx-x86_64