CRAN Package Check Results for Package gdtools

Last updated on 2020-05-27 12:48:13 CEST.

Flavor Version Tinstall Tcheck Ttotal Status Flags
r-devel-linux-x86_64-debian-clang 0.2.2 53.36 26.85 80.21 OK
r-devel-linux-x86_64-debian-gcc 0.2.2 36.19 21.65 57.84 OK
r-devel-linux-x86_64-fedora-clang 0.2.2 111.16 OK
r-devel-linux-x86_64-fedora-gcc 0.2.2 94.53 OK
r-devel-windows-ix86+x86_64 0.2.2 136.00 107.00 243.00 NOTE
r-patched-linux-x86_64 0.2.2 39.15 26.86 66.01 OK
r-patched-solaris-x86 0.2.2 96.80 OK
r-release-linux-x86_64 0.2.2 37.81 27.14 64.95 OK
r-release-osx-x86_64 0.2.2 OK
r-release-windows-ix86+x86_64 0.2.2 5.00 7.00 12.00 ERROR
r-oldrel-osx-x86_64 0.2.2 OK
r-oldrel-windows-ix86+x86_64 0.2.2 143.00 93.00 236.00 NOTE

Check Details

Version: 0.2.2
Check: installed package size
Result: NOTE
     installed size is 8.2Mb
     sub-directories of 1Mb or more:
     libs 8.1Mb
Flavors: r-devel-windows-ix86+x86_64, r-oldrel-windows-ix86+x86_64

Version: 0.2.2
Check: whether package can be installed
Result: ERROR
    Installation failed.
Flavor: r-release-windows-ix86+x86_64