CRAN Package Check Results for Package gdxdt

Last updated on 2025-01-19 05:49:09 CET.

Flavor Version Tinstall Tcheck Ttotal Status Flags
r-devel-linux-x86_64-debian-clang 0.1.0 1.93 22.13 24.06 OK
r-devel-linux-x86_64-debian-gcc 0.1.0 1.73 17.85 19.58 OK
r-devel-linux-x86_64-fedora-clang 0.1.0 41.54 OK
r-devel-linux-x86_64-fedora-gcc 0.1.0 40.19 OK
r-devel-windows-x86_64 0.1.0 4.00 50.00 54.00 OK
r-patched-linux-x86_64 0.1.0 2.05 21.36 23.41 NOTE
r-release-linux-x86_64 0.1.0 1.89 21.29 23.18 NOTE
r-release-macos-arm64 0.1.0 18.00 NOTE
r-release-macos-x86_64 0.1.0 33.00 NOTE
r-release-windows-x86_64 0.1.0 3.00 50.00 53.00 NOTE
r-oldrel-macos-arm64 0.1.0 18.00 NOTE
r-oldrel-macos-x86_64 0.1.0 24.00 NOTE
r-oldrel-windows-x86_64 0.1.0 3.00 51.00 54.00 NOTE

Check Details

Version: 0.1.0
Check: package dependencies
Result: NOTE Package suggested but not available for checking: ‘gdxrrw’ Flavors: r-patched-linux-x86_64, r-release-linux-x86_64, r-release-macos-arm64, r-release-macos-x86_64, r-release-windows-x86_64, r-oldrel-macos-arm64, r-oldrel-macos-x86_64, r-oldrel-windows-x86_64

Version: 0.1.0
Check: LazyData
Result: NOTE 'LazyData' is specified without a 'data' directory Flavors: r-patched-linux-x86_64, r-release-linux-x86_64, r-release-macos-arm64, r-release-macos-x86_64, r-release-windows-x86_64, r-oldrel-macos-arm64, r-oldrel-macos-x86_64, r-oldrel-windows-x86_64