Last updated on 2025-01-19 05:49:09 CET.
Flavor | Version | Tinstall | Tcheck | Ttotal | Status | Flags |
---|---|---|---|---|---|---|
r-devel-linux-x86_64-debian-clang | 0.2.2 | 41.81 | 78.47 | 120.28 | OK | |
r-devel-linux-x86_64-debian-gcc | 0.2.2 | 31.63 | 61.22 | 92.85 | OK | |
r-devel-linux-x86_64-fedora-clang | 0.2.2 | 195.26 | OK | |||
r-devel-linux-x86_64-fedora-gcc | 0.2.2 | 208.07 | OK | |||
r-devel-windows-x86_64 | 0.2.2 | 38.00 | 107.00 | 145.00 | OK | |
r-patched-linux-x86_64 | 0.2.2 | 43.28 | 78.91 | 122.19 | OK | |
r-release-linux-x86_64 | 0.2.2 | 39.56 | 78.11 | 117.67 | OK | |
r-release-macos-arm64 | 0.2.2 | 210.00 | NOTE | |||
r-release-macos-x86_64 | 0.2.2 | 252.00 | NOTE | |||
r-release-windows-x86_64 | 0.2.2 | 39.00 | 106.00 | 145.00 | OK | |
r-oldrel-macos-arm64 | 0.2.2 | 215.00 | NOTE | |||
r-oldrel-macos-x86_64 | 0.2.2 | 259.00 | NOTE | |||
r-oldrel-windows-x86_64 | 0.2.2 | 48.00 | 133.00 | 181.00 | OK |
Version: 0.2.2
Check: installed package size
Result: NOTE
installed size is 18.0Mb
sub-directories of 1Mb or more:
libs 17.5Mb
Flavors: r-release-macos-arm64, r-release-macos-x86_64, r-oldrel-macos-arm64, r-oldrel-macos-x86_64