Last updated on 2021-01-15 12:50:19 CET.
Flavor | Version | Tinstall | Tcheck | Ttotal | Status | Flags |
---|---|---|---|---|---|---|
r-devel-linux-x86_64-debian-clang | 1.0.12 | 5.23 | 314.15 | 319.38 | OK | |
r-devel-linux-x86_64-debian-gcc | 1.0.12 | 3.55 | 221.39 | 224.94 | OK | |
r-devel-linux-x86_64-fedora-clang | 1.0.12 | 365.54 | NOTE | |||
r-devel-linux-x86_64-fedora-gcc | 1.0.12 | 390.34 | NOTE | |||
r-devel-windows-ix86+x86_64 | 1.0.12 | 14.00 | 371.00 | 385.00 | OK | |
r-patched-linux-x86_64 | 1.0.12 | 5.28 | 305.97 | 311.25 | OK | |
r-patched-solaris-x86 | 1.0.12 | 416.70 | NOTE | |||
r-release-linux-x86_64 | 1.0.12 | 3.85 | 306.60 | 310.45 | OK | |
r-release-macos-x86_64 | 1.0.12 | NOTE | ||||
r-release-windows-ix86+x86_64 | 1.0.12 | 10.00 | 297.00 | 307.00 | OK | |
r-oldrel-macos-x86_64 | 1.0.12 | NOTE | ||||
r-oldrel-windows-ix86+x86_64 | 1.0.12 | 8.00 | 276.00 | 284.00 | OK |
Version: 1.0.12
Check: dependencies in R code
Result: NOTE
Namespace in Imports field not imported from: ‘rootSolve’
All declared Imports should be used.
Flavors: r-devel-linux-x86_64-fedora-clang, r-devel-linux-x86_64-fedora-gcc, r-patched-solaris-x86, r-release-macos-x86_64, r-oldrel-macos-x86_64