Last updated on 2025-01-19 05:49:09 CET.
Flavor | Version | Tinstall | Tcheck | Ttotal | Status | Flags |
---|---|---|---|---|---|---|
r-devel-linux-x86_64-debian-clang | 0.1.3 | 1.51 | 341.41 | 342.92 | OK | |
r-devel-linux-x86_64-debian-gcc | 0.1.3 | 1.69 | 203.98 | 205.67 | OK | |
r-devel-linux-x86_64-fedora-clang | 0.1.3 | 591.88 | NOTE | |||
r-devel-linux-x86_64-fedora-gcc | 0.1.3 | 573.13 | NOTE | |||
r-devel-windows-x86_64 | 0.1.3 | 5.00 | 288.00 | 293.00 | OK | |
r-patched-linux-x86_64 | 0.1.3 | 2.56 | 310.49 | 313.05 | NOTE | |
r-release-linux-x86_64 | 0.1.3 | 2.34 | 312.60 | 314.94 | NOTE | |
r-release-macos-arm64 | 0.1.3 | 116.00 | NOTE | |||
r-release-macos-x86_64 | 0.1.3 | 198.00 | NOTE | |||
r-release-windows-x86_64 | 0.1.3 | 5.00 | 284.00 | 289.00 | NOTE | |
r-oldrel-macos-arm64 | 0.1.3 | 127.00 | NOTE | |||
r-oldrel-macos-x86_64 | 0.1.3 | 233.00 | NOTE | |||
r-oldrel-windows-x86_64 | 0.1.3 | 5.00 | 396.00 | 401.00 | NOTE |
Version: 0.1.3
Check: dependencies in R code
Result: NOTE
Namespace in Imports field not imported from: ‘methods’
All declared Imports should be used.
Flavors: r-devel-linux-x86_64-fedora-clang, r-devel-linux-x86_64-fedora-gcc
Version: 0.1.3
Check: LazyData
Result: NOTE
'LazyData' is specified without a 'data' directory
Flavors: r-patched-linux-x86_64, r-release-linux-x86_64, r-release-macos-arm64, r-release-macos-x86_64, r-release-windows-x86_64, r-oldrel-macos-arm64, r-oldrel-macos-x86_64, r-oldrel-windows-x86_64