Last updated on 2025-01-19 05:49:09 CET.
Flavor | Version | Tinstall | Tcheck | Ttotal | Status | Flags |
---|---|---|---|---|---|---|
r-devel-linux-x86_64-debian-clang | 1.5.11 | 54.71 | 343.97 | 398.68 | NOTE | |
r-devel-linux-x86_64-debian-gcc | 1.5.11 | 34.58 | 216.11 | 250.69 | NOTE | |
r-devel-linux-x86_64-fedora-clang | 1.5.11 | 647.23 | OK | |||
r-devel-linux-x86_64-fedora-gcc | 1.5.11 | 649.23 | OK | |||
r-devel-windows-x86_64 | 1.5.11 | 52.00 | 289.00 | 341.00 | NOTE | |
r-patched-linux-x86_64 | 1.5.11 | 54.44 | 325.93 | 380.37 | OK | |
r-release-linux-x86_64 | 1.5.11 | 50.93 | 321.98 | 372.91 | OK | |
r-release-macos-arm64 | 1.5.11 | 143.00 | NOTE | |||
r-release-macos-x86_64 | 1.5.11 | 259.00 | NOTE | |||
r-release-windows-x86_64 | 1.5.11 | 51.00 | 279.00 | 330.00 | NOTE | |
r-oldrel-macos-arm64 | 1.5.11 | 152.00 | NOTE | |||
r-oldrel-macos-x86_64 | 1.5.11 | 581.00 | NOTE | |||
r-oldrel-windows-x86_64 | 1.5.11 | 63.00 | 387.00 | 450.00 | NOTE |
Version: 1.5.11
Check: Rd cross-references
Result: NOTE
Found the following Rd file(s) with Rd \link{} targets missing package
anchors:
plot_raster_single.Rd: raster
Please provide package anchors for all Rd \link{} targets not in the
package itself and the base packages.
Flavors: r-devel-linux-x86_64-debian-clang, r-devel-linux-x86_64-debian-gcc, r-devel-windows-x86_64
Version: 1.5.11
Check: installed package size
Result: NOTE
installed size is 6.7Mb
sub-directories of 1Mb or more:
doc 1.5Mb
extdata 3.4Mb
libs 1.4Mb
Flavors: r-release-macos-arm64, r-release-macos-x86_64, r-release-windows-x86_64, r-oldrel-macos-arm64, r-oldrel-macos-x86_64, r-oldrel-windows-x86_64