CRAN Package Check Results for Package genBaRcode

Last updated on 2019-10-21 12:46:21 CEST.

Flavor Version Tinstall Tcheck Ttotal Status Flags
r-devel-linux-x86_64-debian-clang 1.2.0 5.12 50.03 55.15 OK
r-devel-linux-x86_64-debian-gcc 1.2.0 5.28 39.60 44.88 OK
r-devel-linux-x86_64-fedora-clang 1.2.0 66.42 OK
r-devel-linux-x86_64-fedora-gcc 1.2.0 65.07 OK
r-devel-windows-ix86+x86_64 1.2.0 14.00 65.00 79.00 OK
r-patched-linux-x86_64 1.2.0 6.09 48.95 55.04 OK
r-patched-solaris-x86 1.2.0 97.80 OK
r-release-linux-x86_64 1.2.0 5.58 50.04 55.62 OK
r-release-windows-ix86+x86_64 1.2.0 16.00 65.00 81.00 OK
r-release-osx-x86_64 1.2.0 OK
r-oldrel-windows-ix86+x86_64 1.2.0 9.00 58.00 67.00 OK
r-oldrel-osx-x86_64 1.2.0 ERROR

Check Details

Version: 1.2.0
Check: package dependencies
Result: ERROR
    Package required but not available: ‘ShortRead’
    
    See section ‘The DESCRIPTION file’ in the ‘Writing R Extensions’
    manual.
Flavor: r-oldrel-osx-x86_64