Last updated on 2025-01-19 05:49:09 CET.
Flavor | Version | Tinstall | Tcheck | Ttotal | Status | Flags |
---|---|---|---|---|---|---|
r-devel-linux-x86_64-debian-clang | 0.6.0 | 4.37 | 40.23 | 44.60 | OK | |
r-devel-linux-x86_64-debian-gcc | 0.6.0 | 3.12 | 30.42 | 33.54 | OK | |
r-devel-linux-x86_64-fedora-clang | 0.6.0 | 74.80 | OK | |||
r-devel-linux-x86_64-fedora-gcc | 0.6.0 | 85.18 | OK | |||
r-devel-windows-x86_64 | 0.6.0 | 6.00 | 59.00 | 65.00 | OK | |
r-patched-linux-x86_64 | 0.6.0 | 4.10 | 38.07 | 42.17 | NOTE | |
r-release-linux-x86_64 | 0.6.0 | 4.11 | 37.84 | 41.95 | NOTE | |
r-release-macos-arm64 | 0.6.0 | 32.00 | NOTE | |||
r-release-macos-x86_64 | 0.6.0 | 45.00 | NOTE | |||
r-release-windows-x86_64 | 0.6.0 | 5.00 | 58.00 | 63.00 | NOTE | |
r-oldrel-macos-arm64 | 0.6.0 | 31.00 | NOTE | |||
r-oldrel-macos-x86_64 | 0.6.0 | 44.00 | NOTE | |||
r-oldrel-windows-x86_64 | 0.6.0 | 6.00 | 65.00 | 71.00 | NOTE |
Version: 0.6.0
Check: package dependencies
Result: NOTE
Package suggested but not available for checking: ‘genderdata’
Flavors: r-patched-linux-x86_64, r-release-linux-x86_64, r-release-macos-arm64, r-release-macos-x86_64, r-release-windows-x86_64, r-oldrel-macos-arm64, r-oldrel-macos-x86_64, r-oldrel-windows-x86_64