Last updated on 2024-05-01 16:52:56 CEST.
Flavor | Version | Tinstall | Tcheck | Ttotal | Status | Flags |
---|---|---|---|---|---|---|
r-devel-linux-x86_64-debian-clang | 0.2.6 | 8.80 | 107.60 | 116.40 | OK | |
r-devel-linux-x86_64-debian-gcc | 0.2.6 | 7.72 | 79.10 | 86.82 | OK | |
r-devel-linux-x86_64-fedora-clang | 0.2.6 | 156.33 | OK | |||
r-devel-linux-x86_64-fedora-gcc | 0.2.6 | 162.13 | OK | |||
r-devel-windows-x86_64 | 0.2.6 | 11.00 | 91.00 | 102.00 | OK | |
r-patched-linux-x86_64 | 0.2.6 | 10.91 | 102.37 | 113.28 | OK | |
r-release-linux-x86_64 | 0.2.6 | 9.72 | 98.88 | 108.60 | OK | |
r-release-macos-arm64 | 0.2.6 | 50.00 | OK | |||
r-release-macos-x86_64 | 0.2.6 | 102.00 | OK | |||
r-release-windows-x86_64 | 0.2.6 | 11.00 | 92.00 | 103.00 | OK | |
r-oldrel-macos-arm64 | 0.2.6 | 14.00 | ERROR | |||
r-oldrel-macos-x86_64 | 0.2.6 | 97.00 | OK | |||
r-oldrel-windows-x86_64 | 0.2.6 | 13.00 | 111.00 | 124.00 | OK |
Version: 0.2.6
Check: package dependencies
Result: ERROR
Package required but not available: ‘biocViews’
See section ‘The DESCRIPTION file’ in the ‘Writing R Extensions’
manual.
Flavor: r-oldrel-macos-arm64