Last updated on 2025-01-19 05:49:09 CET.
Flavor | Version | Tinstall | Tcheck | Ttotal | Status | Flags |
---|---|---|---|---|---|---|
r-devel-linux-x86_64-debian-clang | 0.4.0 | 16.42 | 149.48 | 165.90 | OK | |
r-devel-linux-x86_64-debian-gcc | 0.4.0 | 12.26 | 106.23 | 118.49 | OK | |
r-devel-linux-x86_64-fedora-clang | 0.4.0 | 267.11 | NOTE | |||
r-devel-linux-x86_64-fedora-gcc | 0.4.0 | 265.22 | NOTE | |||
r-devel-windows-x86_64 | 0.4.0 | 17.00 | 139.00 | 156.00 | OK | |
r-patched-linux-x86_64 | 0.4.0 | 16.39 | 137.92 | 154.31 | OK | |
r-release-linux-x86_64 | 0.4.0 | 15.03 | 136.94 | 151.97 | OK | |
r-release-macos-arm64 | 0.4.0 | 72.00 | OK | |||
r-release-macos-x86_64 | 0.4.0 | 112.00 | OK | |||
r-release-windows-x86_64 | 0.4.0 | 18.00 | 137.00 | 155.00 | OK | |
r-oldrel-macos-arm64 | 0.4.0 | 78.00 | OK | |||
r-oldrel-macos-x86_64 | 0.4.0 | 129.00 | OK | |||
r-oldrel-windows-x86_64 | 0.4.0 | 23.00 | 175.00 | 198.00 | OK |
Version: 0.4.0
Check: dependencies in R code
Result: NOTE
Namespaces in Imports field not imported from:
‘GGEBiplots’ ‘calibrate’ ‘graphics’ ‘matrixStats’ ‘prettydoc’
‘reshape2’
All declared Imports should be used.
Flavors: r-devel-linux-x86_64-fedora-clang, r-devel-linux-x86_64-fedora-gcc