CRAN Package Check Results for Package geneviewer

Last updated on 2025-01-19 05:49:09 CET.

Flavor Version Tinstall Tcheck Ttotal Status Flags
r-devel-linux-x86_64-debian-clang 0.1.10 7.74 66.75 74.49 OK
r-devel-linux-x86_64-debian-gcc 0.1.10 4.95 46.06 51.01 OK
r-devel-linux-x86_64-fedora-clang 0.1.10 116.71 OK
r-devel-linux-x86_64-fedora-gcc 0.1.10 109.34 OK
r-devel-windows-x86_64 0.1.10 11.00 88.00 99.00 OK
r-patched-linux-x86_64 0.1.10 6.90 61.06 67.96 OK
r-release-linux-x86_64 0.1.10 6.23 61.09 67.32 OK
r-release-macos-arm64 0.1.10 44.00 OK
r-release-macos-x86_64 0.1.10 88.00 NOTE
r-release-windows-x86_64 0.1.10 10.00 93.00 103.00 OK
r-oldrel-macos-arm64 0.1.10 35.00 NOTE
r-oldrel-macos-x86_64 0.1.10 106.00 NOTE
r-oldrel-windows-x86_64 0.1.10 11.00 112.00 123.00 NOTE

Check Details

Version: 0.1.10
Check: package dependencies
Result: NOTE Package suggested but not available for checking: ‘pwalign’ Flavors: r-release-macos-x86_64, r-oldrel-macos-arm64, r-oldrel-macos-x86_64, r-oldrel-windows-x86_64