Last updated on 2024-04-17 13:57:29 CEST.
Flavor | Version | Tinstall | Tcheck | Ttotal | Status | Flags |
---|---|---|---|---|---|---|
r-devel-linux-x86_64-debian-clang | 1.0.5 | 88.55 | 30.76 | 119.31 | NOTE | |
r-devel-linux-x86_64-debian-gcc | 1.0.5 | 58.17 | 24.37 | 82.54 | NOTE | |
r-devel-linux-x86_64-fedora-clang | 1.0.5 | 176.37 | NOTE | |||
r-devel-linux-x86_64-fedora-gcc | 1.0.5 | 155.23 | NOTE | |||
r-prerel-macos-arm64 | 1.0.5 | 36.00 | NOTE | |||
r-prerel-windows-x86_64 | 1.0.5 | 59.00 | 72.00 | 131.00 | NOTE | |
r-patched-linux-x86_64 | 1.0.5 | 80.32 | 31.38 | 111.70 | NOTE | |
r-release-linux-x86_64 | 1.0.5 | 83.89 | 30.94 | 114.83 | NOTE | |
r-release-macos-arm64 | 1.0.5 | 44.00 | NOTE | |||
r-release-macos-x86_64 | 1.0.5 | 67.00 | NOTE | |||
r-release-windows-x86_64 | 1.0.5 | 56.00 | 79.00 | 135.00 | NOTE | |
r-oldrel-macos-arm64 | 1.0.5 | 48.00 | OK | |||
r-oldrel-windows-x86_64 | 1.0.5 | 78.00 | 79.00 | 157.00 | OK |
Version: 1.0.5
Check: C++ specification
Result: NOTE
Specified C++11: please drop specification unless essential
Flavors: r-devel-linux-x86_64-debian-clang, r-devel-linux-x86_64-debian-gcc, r-devel-linux-x86_64-fedora-clang, r-devel-linux-x86_64-fedora-gcc, r-prerel-macos-arm64, r-prerel-windows-x86_64, r-patched-linux-x86_64, r-release-linux-x86_64, r-release-macos-arm64, r-release-macos-x86_64, r-release-windows-x86_64