Last updated on 2024-03-27 20:49:57 CET.
Flavor | Version | Tinstall | Tcheck | Ttotal | Status | Flags |
---|---|---|---|---|---|---|
r-devel-linux-x86_64-debian-clang | 0.8.11 | 4.48 | 99.05 | 103.53 | NOTE | |
r-devel-linux-x86_64-debian-gcc | 0.8.11 | 5.02 | 70.80 | 75.82 | NOTE | |
r-devel-linux-x86_64-fedora-clang | 0.8.11 | 124.68 | NOTE | |||
r-devel-linux-x86_64-fedora-gcc | 0.8.11 | 133.29 | NOTE | |||
r-devel-windows-x86_64 | 0.8.11 | 7.00 | 99.00 | 106.00 | NOTE | |
r-patched-linux-x86_64 | 0.8.11 | 9.89 | 90.78 | 100.67 | OK | |
r-release-linux-x86_64 | 0.8.11 | 7.82 | 90.96 | 98.78 | OK | |
r-release-macos-arm64 | 0.8.11 | 49.00 | OK | |||
r-release-macos-x86_64 | 0.8.11 | 80.00 | OK | |||
r-release-windows-x86_64 | 0.8.11 | 9.00 | 106.00 | 115.00 | OK | |
r-oldrel-macos-arm64 | 0.8.11 | 45.00 | OK | |||
r-oldrel-windows-x86_64 | 0.8.11 | 10.00 | 115.00 | 125.00 | OK |
Version: 0.8.11
Check: Rd files
Result: NOTE
checkRd: (-1) barto.Rd:15-18: Lost braces in \itemize; meant \describe ?
checkRd: (-1) barto.Rd:19-22: Lost braces in \itemize; meant \describe ?
checkRd: (-1) barto.Rd:23-26: Lost braces in \itemize; meant \describe ?
checkRd: (-1) chrY_subseg.Rd:16-17: Lost braces in \itemize; meant \describe ?
checkRd: (-1) chrY_subseg.Rd:18-19: Lost braces in \itemize; meant \describe ?
checkRd: (-1) mauve_bbone.Rd:16-17: Lost braces in \itemize; meant \describe ?
checkRd: (-1) mauve_bbone.Rd:18-19: Lost braces in \itemize; meant \describe ?
checkRd: (-1) three_genes.Rd:17-18: Lost braces in \itemize; meant \describe ?
checkRd: (-1) three_genes.Rd:19-20: Lost braces in \itemize; meant \describe ?
Flavors: r-devel-linux-x86_64-debian-clang, r-devel-linux-x86_64-debian-gcc, r-devel-linux-x86_64-fedora-clang, r-devel-linux-x86_64-fedora-gcc, r-devel-windows-x86_64