Last updated on 2025-01-19 05:49:09 CET.
Flavor | Version | Tinstall | Tcheck | Ttotal | Status | Flags |
---|---|---|---|---|---|---|
r-devel-linux-x86_64-debian-clang | 1.7 | 18.43 | 151.39 | 169.82 | OK | |
r-devel-linux-x86_64-debian-gcc | 1.7 | 13.29 | 105.10 | 118.39 | OK | |
r-devel-linux-x86_64-fedora-clang | 1.7 | 265.97 | OK | |||
r-devel-linux-x86_64-fedora-gcc | 1.7 | 247.50 | OK | |||
r-devel-windows-x86_64 | 1.7 | 15.00 | 146.00 | 161.00 | OK | |
r-patched-linux-x86_64 | 1.7 | 17.24 | 135.63 | 152.87 | OK | |
r-release-linux-x86_64 | 1.7 | 14.88 | 136.23 | 151.11 | OK | |
r-release-macos-arm64 | 1.7 | 11.00 | ERROR | |||
r-release-macos-x86_64 | 1.7 | 136.00 | OK | |||
r-release-windows-x86_64 | 1.7 | 16.00 | 148.00 | 164.00 | OK | |
r-oldrel-macos-arm64 | 1.7 | 12.00 | ERROR | |||
r-oldrel-macos-x86_64 | 1.7 | 10.00 | ERROR | |||
r-oldrel-windows-x86_64 | 1.7 | 16.00 | 184.00 | 200.00 | OK |
Version: 1.7
Check: package dependencies
Result: ERROR
Package required but not available: ‘reactome.db’
See section ‘The DESCRIPTION file’ in the ‘Writing R Extensions’
manual.
Flavors: r-release-macos-arm64, r-oldrel-macos-arm64, r-oldrel-macos-x86_64