Last updated on 2024-04-20 20:00:05 CEST.
Flavor | Version | Tinstall | Tcheck | Ttotal | Status | Flags |
---|---|---|---|---|---|---|
r-devel-linux-x86_64-debian-clang | 1.0.4 | 15.23 | 252.35 | 267.58 | NOTE | |
r-devel-linux-x86_64-debian-gcc | 1.0.4 | 12.02 | 172.57 | 184.59 | NOTE | |
r-devel-linux-x86_64-fedora-clang | 1.0.4 | 326.86 | NOTE | |||
r-devel-linux-x86_64-fedora-gcc | 1.0.4 | 327.98 | NOTE | |||
r-prerel-macos-arm64 | 1.0.4 | 81.00 | NOTE | |||
r-prerel-windows-x86_64 | 1.0.4 | 18.00 | 191.00 | 209.00 | NOTE | |
r-patched-linux-x86_64 | 1.0.4 | 17.53 | 237.32 | 254.85 | NOTE | |
r-release-linux-x86_64 | 1.0.4 | 15.22 | 234.42 | 249.64 | NOTE | |
r-release-macos-arm64 | 1.0.4 | 88.00 | NOTE | |||
r-release-macos-x86_64 | 1.0.4 | 145.00 | NOTE | |||
r-release-windows-x86_64 | 1.0.4 | 20.00 | 231.00 | 251.00 | NOTE | |
r-oldrel-macos-arm64 | 1.0.4 | 70.00 | OK | |||
r-oldrel-windows-x86_64 | 1.0.4 | 21.00 | 222.00 | 243.00 | OK |
Version: 1.0.4
Check: package subdirectories
Result: NOTE
Problems with news in ‘NEWS.md’:
No news entries found.
Flavors: r-devel-linux-x86_64-debian-clang, r-devel-linux-x86_64-debian-gcc, r-devel-linux-x86_64-fedora-clang, r-devel-linux-x86_64-fedora-gcc, r-prerel-macos-arm64, r-prerel-windows-x86_64, r-patched-linux-x86_64, r-release-linux-x86_64, r-release-macos-arm64, r-release-macos-x86_64, r-release-windows-x86_64