CRAN Package Check Results for Package gensemble

Last updated on 2019-10-17 12:47:37 CEST.

Flavor Version Tinstall Tcheck Ttotal Status Flags
r-devel-linux-x86_64-debian-clang 1.0.1 1.89 21.51 23.40 NOTE
r-devel-linux-x86_64-debian-gcc 1.0.1 1.69 17.44 19.13 NOTE
r-devel-linux-x86_64-fedora-clang 1.0.1 29.36 NOTE
r-devel-linux-x86_64-fedora-gcc 1.0.1 28.07 NOTE
r-devel-windows-ix86+x86_64 1.0.1 8.00 30.00 38.00 OK
r-patched-linux-x86_64 1.0.1 1.71 21.19 22.90 NOTE
r-patched-solaris-x86 1.0.1 45.50 OK
r-release-linux-x86_64 1.0.1 1.67 21.33 23.00 NOTE
r-release-windows-ix86+x86_64 1.0.1 4.00 53.00 57.00 OK
r-release-osx-x86_64 1.0.1 OK
r-oldrel-windows-ix86+x86_64 1.0.1 2.00 30.00 32.00 OK
r-oldrel-osx-x86_64 1.0.1 OK

Check Details

Version: 1.0.1
Check: Rd line widths
Result: NOTE
    Rd file 'AbstractModel-class.Rd':
     \examples lines wider than 100 characters:
     abm <- ab.create(model.call="ksvm", model.args=ksvm_model_args, predict.args=list(type="probabilities"), xtrans=as.matrix)
     abm <- ab.create(model.call="rpart", model.args=list(control=rpart.control(minsplit=0)), predict.args=list(type='prob'))
     abm <- ab.create(model.call="nnet", model.args=list(size=3, linout=TRUE, maxit=400, rang=0.001, decay=0.0001), xtrans=as.matrix)
     abm <- ab.create(model.call="rpart", model.args=list(method='anova', control=rpart.control(minsplit=2, cp=1e-03)))
    
    Rd file 'predict.gensemble.Rd':
     \usage lines wider than 90 characters:
     predict(object, X, type = c("prob", "class"), method = c("prob", "vote"), return.all = F, ...)
    
    These lines will be truncated in the PDF manual.
Flavors: r-devel-linux-x86_64-debian-clang, r-devel-linux-x86_64-debian-gcc, r-devel-linux-x86_64-fedora-clang, r-devel-linux-x86_64-fedora-gcc, r-patched-linux-x86_64, r-release-linux-x86_64