Last updated on 2025-01-19 05:49:09 CET.
Flavor | Version | Tinstall | Tcheck | Ttotal | Status | Flags |
---|---|---|---|---|---|---|
r-devel-linux-x86_64-debian-clang | 0.1.0 | 1.90 | 134.62 | 136.52 | OK | |
r-devel-linux-x86_64-debian-gcc | 0.1.0 | 1.49 | 73.04 | 74.53 | OK | |
r-devel-linux-x86_64-fedora-clang | 0.1.0 | 228.52 | OK | |||
r-devel-linux-x86_64-fedora-gcc | 0.1.0 | 230.01 | OK | |||
r-devel-windows-x86_64 | 0.1.0 | 3.00 | 124.00 | 127.00 | OK | |
r-patched-linux-x86_64 | 0.1.0 | 2.00 | 125.21 | 127.21 | NOTE | |
r-release-linux-x86_64 | 0.1.0 | 2.18 | 123.55 | 125.73 | NOTE | |
r-release-macos-arm64 | 0.1.0 | 54.00 | NOTE | |||
r-release-macos-x86_64 | 0.1.0 | 106.00 | NOTE | |||
r-release-windows-x86_64 | 0.1.0 | 3.00 | 122.00 | 125.00 | NOTE | |
r-oldrel-macos-arm64 | 0.1.0 | 62.00 | NOTE | |||
r-oldrel-macos-x86_64 | 0.1.0 | 115.00 | NOTE | |||
r-oldrel-windows-x86_64 | 0.1.0 | 3.00 | 172.00 | 175.00 | NOTE |
Version: 0.1.0
Check: LazyData
Result: NOTE
'LazyData' is specified without a 'data' directory
Flavors: r-patched-linux-x86_64, r-release-linux-x86_64, r-release-macos-arm64, r-release-macos-x86_64, r-release-windows-x86_64, r-oldrel-macos-arm64, r-oldrel-macos-x86_64, r-oldrel-windows-x86_64