CRAN Package Check Results for Package geocmeans

Last updated on 2025-01-19 05:49:09 CET.

Flavor Version Tinstall Tcheck Ttotal Status Flags
r-devel-linux-x86_64-debian-clang 0.3.4 99.41 465.75 565.16 OK
r-devel-linux-x86_64-debian-gcc 0.3.4 76.01 312.39 388.40 OK
r-devel-linux-x86_64-fedora-clang 0.3.4 959.02 OK
r-devel-linux-x86_64-fedora-gcc 0.3.4 916.29 OK
r-devel-windows-x86_64 0.3.4 101.00 431.00 532.00 OK
r-patched-linux-x86_64 0.3.4 106.71 435.92 542.63 OK
r-release-linux-x86_64 0.3.4 110.40 432.27 542.67 OK
r-release-macos-arm64 0.3.4 238.00 NOTE
r-release-macos-x86_64 0.3.4 355.00 NOTE
r-release-windows-x86_64 0.3.4 102.00 429.00 531.00 NOTE
r-oldrel-macos-arm64 0.3.4 357.00 NOTE
r-oldrel-macos-x86_64 0.3.4 472.00 NOTE
r-oldrel-windows-x86_64 0.3.4 134.00 568.00 702.00 NOTE

Check Details

Version: 0.3.4
Check: installed package size
Result: NOTE installed size is 9.5Mb sub-directories of 1Mb or more: extdata 3.0Mb libs 4.0Mb Flavors: r-release-macos-arm64, r-release-macos-x86_64, r-release-windows-x86_64, r-oldrel-macos-arm64, r-oldrel-macos-x86_64, r-oldrel-windows-x86_64