Last updated on 2025-01-19 05:49:09 CET.
Flavor | Version | Tinstall | Tcheck | Ttotal | Status | Flags |
---|---|---|---|---|---|---|
r-devel-linux-x86_64-debian-clang | 0.2.1 | 86.87 | 64.44 | 151.31 | OK | |
r-devel-linux-x86_64-debian-gcc | 0.2.1 | 67.06 | 46.91 | 113.97 | OK | |
r-devel-linux-x86_64-fedora-clang | 0.2.1 | 296.71 | OK | |||
r-devel-linux-x86_64-fedora-gcc | 0.2.1 | 317.48 | OK | |||
r-devel-windows-x86_64 | 0.2.1 | 93.00 | 105.00 | 198.00 | OK | |
r-patched-linux-x86_64 | 0.2.1 | 93.17 | 59.87 | 153.04 | OK | |
r-release-linux-x86_64 | 0.2.1 | 94.15 | 60.43 | 154.58 | OK | |
r-release-macos-arm64 | 0.2.1 | 78.00 | NOTE | |||
r-release-macos-x86_64 | 0.2.1 | 102.00 | NOTE | |||
r-release-windows-x86_64 | 0.2.1 | 98.00 | 99.00 | 197.00 | OK | |
r-oldrel-macos-arm64 | 0.2.1 | 80.00 | NOTE | |||
r-oldrel-macos-x86_64 | 0.2.1 | 96.00 | NOTE | |||
r-oldrel-windows-x86_64 | 0.2.1 | 106.00 | 123.00 | 229.00 | OK |
Version: 0.2.1
Check: installed package size
Result: NOTE
installed size is 7.4Mb
sub-directories of 1Mb or more:
libs 6.1Mb
Flavors: r-release-macos-arm64, r-release-macos-x86_64, r-oldrel-macos-arm64, r-oldrel-macos-x86_64