CRAN Package Check Results for Package geodiv

Last updated on 2021-01-22 12:51:29 CET.

Flavor Version Tinstall Tcheck Ttotal Status Flags
r-devel-linux-x86_64-debian-clang 0.2.0 42.05 181.15 223.20 OK
r-devel-linux-x86_64-debian-gcc 0.2.0 28.72 131.47 160.19 OK
r-devel-linux-x86_64-fedora-clang 0.2.0 267.50 NOTE
r-devel-linux-x86_64-fedora-gcc 0.2.0 255.81 NOTE
r-devel-windows-ix86+x86_64 0.2.0 96.00 331.00 427.00 OK
r-patched-linux-x86_64 0.2.0 33.82 164.58 198.40 OK
r-patched-solaris-x86 0.2.0 346.80 NOTE
r-release-linux-x86_64 0.2.0 33.42 164.82 198.24 OK
r-release-macos-x86_64 0.2.0 NOTE
r-release-windows-ix86+x86_64 0.2.0 99.00 349.00 448.00 OK
r-oldrel-macos-x86_64 0.2.0 NOTE
r-oldrel-windows-ix86+x86_64 0.2.0 64.00 225.00 289.00 OK

Check Details

Version: 0.2.0
Check: dependencies in R code
Result: NOTE
    Namespaces in Imports field not imported from:
     ‘phonTools’ ‘rgdal’ ‘rgeos’
     All declared Imports should be used.
Flavors: r-devel-linux-x86_64-fedora-clang, r-devel-linux-x86_64-fedora-gcc, r-patched-solaris-x86, r-release-macos-x86_64, r-oldrel-macos-x86_64