CRAN Package Check Results for Package geodl

Last updated on 2025-01-19 05:49:09 CET.

Flavor Version Tinstall Tcheck Ttotal Status Flags
r-devel-linux-x86_64-debian-clang 0.2.0 28.42 229.74 258.16 OK
r-devel-linux-x86_64-debian-gcc 0.2.0 17.30 150.10 167.40 OK
r-devel-linux-x86_64-fedora-clang 0.2.0 462.73 NOTE
r-devel-linux-x86_64-fedora-gcc 0.2.0 432.55 NOTE
r-devel-windows-x86_64 0.2.0 26.00 189.00 215.00 OK
r-patched-linux-x86_64 0.2.0 24.52 218.85 243.37 OK
r-release-linux-x86_64 0.2.0 28.23 215.27 243.50 OK
r-release-macos-arm64 0.2.0 120.00 OK
r-release-macos-x86_64 0.2.0 363.00 OK
r-release-windows-x86_64 0.2.0 27.00 188.00 215.00 OK
r-oldrel-macos-arm64 0.2.0 117.00 OK
r-oldrel-macos-x86_64 0.2.0 286.00 OK
r-oldrel-windows-x86_64 0.2.0 35.00 259.00 294.00 OK

Check Details

Version: 0.2.0
Check: dependencies in R code
Result: NOTE Namespace in Imports field not imported from: ‘luz’ All declared Imports should be used. Flavors: r-devel-linux-x86_64-fedora-clang, r-devel-linux-x86_64-fedora-gcc