CRAN Package Check Results for Package geojsonR

Last updated on 2025-01-19 05:49:09 CET.

Flavor Version Tinstall Tcheck Ttotal Status Flags
r-devel-linux-x86_64-debian-clang 1.1.2 43.77 30.49 74.26 OK
r-devel-linux-x86_64-debian-gcc 1.1.2 32.52 24.61 57.13 OK
r-devel-linux-x86_64-fedora-clang 1.1.2 141.43 OK
r-devel-linux-x86_64-fedora-gcc 1.1.2 155.78 OK
r-devel-windows-x86_64 1.1.2 49.00 76.00 125.00 OK
r-patched-linux-x86_64 1.1.2 44.18 29.36 73.54 OK
r-release-linux-x86_64 1.1.2 44.16 29.21 73.37 OK
r-release-macos-arm64 1.1.2 46.00 NOTE
r-release-macos-x86_64 1.1.2 94.00 NOTE
r-release-windows-x86_64 1.1.2 46.00 76.00 122.00 OK
r-oldrel-macos-arm64 1.1.2 67.00 NOTE
r-oldrel-macos-x86_64 1.1.2 87.00 NOTE
r-oldrel-windows-x86_64 1.1.2 51.00 80.00 131.00 OK

Check Details

Version: 1.1.2
Check: installed package size
Result: NOTE installed size is 6.3Mb sub-directories of 1Mb or more: doc 1.3Mb libs 4.9Mb Flavors: r-release-macos-arm64, r-release-macos-x86_64, r-oldrel-macos-arm64, r-oldrel-macos-x86_64