CRAN Package Check Results for Package geojsonsf

Last updated on 2025-01-19 05:49:09 CET.

Flavor Version Tinstall Tcheck Ttotal Status Flags
r-devel-linux-x86_64-debian-clang 2.0.3 52.89 30.19 83.08 NOTE
r-devel-linux-x86_64-debian-gcc 2.0.3 41.68 23.83 65.51 NOTE
r-devel-linux-x86_64-fedora-clang 2.0.3 155.70 NOTE
r-devel-linux-x86_64-fedora-gcc 2.0.3 188.19 NOTE
r-devel-windows-x86_64 2.0.3 57.00 76.00 133.00 NOTE
r-patched-linux-x86_64 2.0.3 57.47 28.80 86.27 NOTE
r-release-linux-x86_64 2.0.3 56.62 28.87 85.49 NOTE
r-release-macos-arm64 2.0.3 52.00 NOTE
r-release-macos-x86_64 2.0.3 63.00 NOTE
r-release-windows-x86_64 2.0.3 56.00 70.00 126.00 NOTE
r-oldrel-macos-arm64 2.0.3 64.00 NOTE
r-oldrel-macos-x86_64 2.0.3 96.00 NOTE
r-oldrel-windows-x86_64 2.0.3 68.00 83.00 151.00 NOTE

Check Details

Version: 2.0.3
Check: C++ specification
Result: NOTE Specified C++11: please drop specification unless essential Flavors: r-devel-linux-x86_64-debian-clang, r-devel-linux-x86_64-debian-gcc, r-devel-linux-x86_64-fedora-clang, r-devel-linux-x86_64-fedora-gcc, r-devel-windows-x86_64, r-patched-linux-x86_64, r-release-linux-x86_64, r-release-macos-arm64, r-release-macos-x86_64, r-release-windows-x86_64, r-oldrel-macos-arm64, r-oldrel-macos-x86_64, r-oldrel-windows-x86_64

Version: 2.0.3
Check: installed package size
Result: NOTE installed size is 6.4Mb sub-directories of 1Mb or more: help 1.3Mb libs 4.4Mb Flavors: r-release-macos-arm64, r-release-macos-x86_64, r-oldrel-macos-arm64, r-oldrel-macos-x86_64