Last updated on 2024-05-01 16:52:56 CEST.
Flavor | Version | Tinstall | Tcheck | Ttotal | Status | Flags |
---|---|---|---|---|---|---|
r-devel-linux-x86_64-debian-clang | 0.0.0.2 | 3.30 | 26.67 | 29.97 | OK | |
r-devel-linux-x86_64-debian-gcc | 0.0.0.2 | 2.13 | 20.59 | 22.72 | OK | |
r-devel-linux-x86_64-fedora-clang | 0.0.0.2 | 39.59 | NOTE | |||
r-devel-linux-x86_64-fedora-gcc | 0.0.0.2 | 36.80 | NOTE | |||
r-devel-windows-x86_64 | 0.0.0.2 | 4.00 | 42.00 | 46.00 | OK | |
r-patched-linux-x86_64 | 0.0.0.2 | 3.26 | 25.70 | 28.96 | OK | |
r-release-linux-x86_64 | 0.0.0.2 | 3.23 | 25.59 | 28.82 | OK | |
r-release-macos-arm64 | 0.0.0.2 | 17.00 | OK | |||
r-release-macos-x86_64 | 0.0.0.2 | 36.00 | OK | |||
r-release-windows-x86_64 | 0.0.0.2 | 4.00 | 43.00 | 47.00 | OK | |
r-oldrel-macos-arm64 | 0.0.0.2 | 24.00 | OK | |||
r-oldrel-macos-x86_64 | 0.0.0.2 | 31.00 | OK | |||
r-oldrel-windows-x86_64 | 0.0.0.2 | 5.00 | 42.00 | 47.00 | OK |
Version: 0.0.0.2
Check: data for non-ASCII characters
Result: NOTE
Note: found 69 marked UTF-8 strings
Flavors: r-devel-linux-x86_64-fedora-clang, r-devel-linux-x86_64-fedora-gcc