CRAN Package Check Results for Package geospark

Last updated on 2025-01-19 05:49:09 CET.

Flavor Version Tinstall Tcheck Ttotal Status Flags
r-devel-linux-x86_64-debian-clang 0.3.1 6.34 50.20 56.54 OK
r-devel-linux-x86_64-debian-gcc 0.3.1 4.53 37.97 42.50 OK
r-devel-linux-x86_64-fedora-clang 0.3.1 89.86 NOTE
r-devel-linux-x86_64-fedora-gcc 0.3.1 84.07 NOTE
r-devel-windows-x86_64 0.3.1 7.00 65.00 72.00 OK
r-patched-linux-x86_64 0.3.1 6.04 47.18 53.22 NOTE
r-release-linux-x86_64 0.3.1 5.85 47.07 52.92 NOTE
r-release-macos-arm64 0.3.1 34.00 NOTE
r-release-macos-x86_64 0.3.1 48.00 NOTE
r-release-windows-x86_64 0.3.1 7.00 65.00 72.00 NOTE
r-oldrel-macos-arm64 0.3.1 31.00 NOTE
r-oldrel-macos-x86_64 0.3.1 45.00 NOTE
r-oldrel-windows-x86_64 0.3.1 8.00 75.00 83.00 NOTE

Check Details

Version: 0.3.1
Check: dependencies in R code
Result: NOTE Namespace in Imports field not imported from: ‘dbplyr’ All declared Imports should be used. Flavors: r-devel-linux-x86_64-fedora-clang, r-devel-linux-x86_64-fedora-gcc

Version: 0.3.1
Check: LazyData
Result: NOTE 'LazyData' is specified without a 'data' directory Flavors: r-patched-linux-x86_64, r-release-linux-x86_64, r-release-macos-arm64, r-release-macos-x86_64, r-release-windows-x86_64, r-oldrel-macos-arm64, r-oldrel-macos-x86_64, r-oldrel-windows-x86_64