Last updated on 2025-01-19 05:49:09 CET.
Flavor | Version | Tinstall | Tcheck | Ttotal | Status | Flags |
---|---|---|---|---|---|---|
r-devel-linux-x86_64-debian-clang | 2.0.6 | 39.70 | 529.05 | 568.75 | OK | |
r-devel-linux-x86_64-debian-gcc | 2.0.6 | 24.78 | 349.24 | 374.02 | OK | |
r-devel-linux-x86_64-fedora-clang | 2.0.6 | 970.51 | OK | |||
r-devel-linux-x86_64-fedora-gcc | 2.0.6 | 1314.32 | OK | |||
r-devel-windows-x86_64 | 2.0.6 | 42.00 | 467.00 | 509.00 | OK | |
r-patched-linux-x86_64 | 2.0.6 | 37.49 | 526.42 | 563.91 | NOTE | |
r-release-linux-x86_64 | 2.0.6 | 33.77 | 524.75 | 558.52 | NOTE | |
r-release-macos-arm64 | 2.0.6 | 253.00 | NOTE | |||
r-release-macos-x86_64 | 2.0.6 | 387.00 | NOTE | |||
r-release-windows-x86_64 | 2.0.6 | 39.00 | 451.00 | 490.00 | NOTE | |
r-oldrel-macos-arm64 | 2.0.6 | 256.00 | NOTE | |||
r-oldrel-macos-x86_64 | 2.0.6 | 649.00 | NOTE | |||
r-oldrel-windows-x86_64 | 2.0.6 | 48.00 | 607.00 | 655.00 | NOTE |
Version: 2.0.6
Check: package dependencies
Result: NOTE
Package suggested but not available for checking: ‘RandomFields’
Package which this enhances but not available for checking: ‘INLA’
Flavors: r-patched-linux-x86_64, r-release-linux-x86_64, r-release-macos-arm64, r-release-macos-x86_64, r-oldrel-macos-arm64, r-oldrel-macos-x86_64, r-oldrel-windows-x86_64
Version: 2.0.6
Check: package dependencies
Result: NOTE
Package suggested but not available for checking: 'RandomFields'
Flavor: r-release-windows-x86_64