Last updated on 2024-05-01 16:52:56 CEST.
Flavor | Version | Tinstall | Tcheck | Ttotal | Status | Flags |
---|---|---|---|---|---|---|
r-devel-linux-x86_64-debian-clang | 0.1 | 2.36 | 21.82 | 24.18 | NOTE | |
r-devel-linux-x86_64-debian-gcc | 0.1 | 1.67 | 17.55 | 19.22 | NOTE | |
r-devel-linux-x86_64-fedora-clang | 0.1 | 33.21 | NOTE | |||
r-devel-linux-x86_64-fedora-gcc | 0.1 | 31.14 | NOTE | |||
r-devel-windows-x86_64 | 0.1 | 3.00 | 37.00 | 40.00 | NOTE | |
r-patched-linux-x86_64 | 0.1 | 2.61 | 21.45 | 24.06 | NOTE | |
r-release-linux-x86_64 | 0.1 | 1.95 | 21.55 | 23.50 | NOTE | |
r-release-macos-arm64 | 0.1 | 15.00 | NOTE | |||
r-release-windows-x86_64 | 0.1 | 3.00 | 36.00 | 39.00 | NOTE | |
r-oldrel-macos-arm64 | 0.1 | 15.00 | NOTE | |||
r-oldrel-macos-x86_64 | 0.1 | 20.00 | NOTE | |||
r-oldrel-windows-x86_64 | 0.1 | 3.00 | 36.00 | 39.00 | NOTE |
Version: 0.1
Check: DESCRIPTION meta-information
Result: NOTE
Malformed Description field: should contain one or more complete sentences.
Flavors: r-devel-linux-x86_64-debian-clang, r-devel-linux-x86_64-debian-gcc, r-devel-linux-x86_64-fedora-clang, r-devel-linux-x86_64-fedora-gcc, r-devel-windows-x86_64, r-patched-linux-x86_64, r-release-linux-x86_64, r-release-macos-arm64, r-release-windows-x86_64, r-oldrel-macos-arm64, r-oldrel-macos-x86_64, r-oldrel-windows-x86_64
Version: 0.1
Check: R code for possible problems
Result: NOTE
Found the following calls to data() loading into the global environment:
File ‘geotools/R/zzz.R’:
data(fr_geo_rad)
See section ‘Good practice’ in ‘?data’.
Flavors: r-devel-linux-x86_64-debian-clang, r-devel-linux-x86_64-debian-gcc, r-devel-linux-x86_64-fedora-clang, r-patched-linux-x86_64, r-release-linux-x86_64