Last updated on 2025-01-19 05:49:09 CET.
Flavor | Version | Tinstall | Tcheck | Ttotal | Status | Flags |
---|---|---|---|---|---|---|
r-devel-linux-x86_64-debian-clang | 2.1.4 | 8.20 | 33.93 | 42.13 | OK | |
r-devel-linux-x86_64-debian-gcc | 2.1.4 | 6.29 | 25.19 | 31.48 | OK | |
r-devel-linux-x86_64-fedora-clang | 2.1.4 | 71.06 | OK | |||
r-devel-linux-x86_64-fedora-gcc | 2.1.4 | 86.05 | OK | |||
r-devel-windows-x86_64 | 2.1.4 | 25.00 | 121.00 | 146.00 | OK | |
r-patched-linux-x86_64 | 2.1.4 | 8.49 | 32.41 | 40.90 | OK | |
r-release-linux-x86_64 | 2.1.4 | 7.09 | 32.41 | 39.50 | OK | |
r-release-macos-arm64 | 2.1.4 | 38.00 | NOTE | |||
r-release-macos-x86_64 | 2.1.4 | 59.00 | NOTE | |||
r-release-windows-x86_64 | 2.1.4 | 25.00 | 122.00 | 147.00 | NOTE | |
r-oldrel-macos-arm64 | 2.1.4 | 42.00 | NOTE | |||
r-oldrel-macos-x86_64 | 2.1.4 | 60.00 | NOTE | |||
r-oldrel-windows-x86_64 | 2.1.4 | 26.00 | 136.00 | 162.00 | NOTE |
Version: 2.1.4
Check: installed package size
Result: NOTE
installed size is 5.9Mb
sub-directories of 1Mb or more:
libs 5.5Mb
Flavors: r-release-macos-arm64, r-release-macos-x86_64, r-release-windows-x86_64, r-oldrel-macos-arm64, r-oldrel-macos-x86_64, r-oldrel-windows-x86_64