Last updated on 2025-10-13 14:49:48 CEST.
| Flavor | Version | Tinstall | Tcheck | Ttotal | Status | Flags | 
|---|---|---|---|---|---|---|
| r-devel-linux-x86_64-debian-clang | 1.0-21 | 4.82 | 52.68 | 57.50 | NOTE | |
| r-devel-linux-x86_64-debian-gcc | 1.0-21 | 4.96 | 49.24 | 54.20 | NOTE | |
| r-devel-linux-x86_64-fedora-clang | 1.0-21 | 82.73 | OK | |||
| r-devel-linux-x86_64-fedora-gcc | 1.0-21 | 95.77 | OK | |||
| r-devel-windows-x86_64 | 1.0-21 | 7.00 | 57.00 | 64.00 | OK | |
| r-patched-linux-x86_64 | 1.0-21 | 4.95 | 44.37 | 49.32 | OK | |
| r-release-linux-x86_64 | 1.0-21 | 4.07 | 44.55 | 48.62 | OK | |
| r-release-macos-arm64 | 1.0-21 | 44.00 | OK | |||
| r-release-macos-x86_64 | 1.0-21 | 56.00 | OK | |||
| r-release-windows-x86_64 | 1.0-21 | 5.00 | 60.00 | 65.00 | OK | |
| r-oldrel-macos-arm64 | 1.0-21 | 37.00 | OK | |||
| r-oldrel-macos-x86_64 | 1.0-21 | 49.00 | OK | |||
| r-oldrel-windows-x86_64 | 1.0-21 | 6.00 | 65.00 | 71.00 | OK | 
Version: 1.0-21
Check: CRAN incoming feasibility
Result: NOTE
  Maintainer: ‘Ivan Bezerra Allaman <ivanalaman@gmail.com>’
  
  No Authors@R field in DESCRIPTION.
  Please add one, modifying
    Authors@R: c(person(given = c("Ivan", "Bezerra"),
                        family = "Allaman",
                        role = c("aut", "cre"),
                        email = "ivanalaman@gmail.com"),
                 person(given = c("Jose", "Claudio"),
                        family = "Faria",
                        role = "aut",
                        email = "joseclaudio.faria@gmail.com"))
  as necessary.
Flavors: r-devel-linux-x86_64-debian-clang, r-devel-linux-x86_64-debian-gcc