CRAN Package Check Results for Package gexp

Last updated on 2020-10-23 12:49:32 CEST.

Flavor Version Tinstall Tcheck Ttotal Status Flags
r-devel-linux-x86_64-debian-clang 1.0-1 5.67 43.66 49.33 OK
r-devel-linux-x86_64-debian-gcc 1.0-1 4.32 33.35 37.67 OK
r-devel-linux-x86_64-fedora-clang 1.0-1 68.71 OK
r-devel-linux-x86_64-fedora-gcc 1.0-1 58.71 OK
r-devel-windows-ix86+x86_64 1.0-1 9.00 57.00 66.00 OK
r-patched-linux-x86_64 1.0-1 4.96 41.70 46.66 OK
r-patched-solaris-x86 1.0-1 83.40 OK
r-release-linux-x86_64 1.0-1 5.49 41.56 47.05 OK
r-release-macos-x86_64 1.0-1 OK
r-release-windows-ix86+x86_64 1.0-1 7.00 44.00 51.00 OK
r-oldrel-macos-x86_64 1.0-1 WARN
r-oldrel-windows-ix86+x86_64 1.0-1 7.00 53.00 60.00 OK

Check Details

Version: 1.0-1
Check: dependencies in R code
Result: NOTE
    No protocol specified
    No protocol specified
Flavor: r-oldrel-macos-x86_64

Version: 1.0-1
Check: S3 generic/method consistency
Result: WARN
    No protocol specified
    No protocol specified
    See section ‘Generic functions and methods’ in the ‘Writing R
    Extensions’ manual.
Flavor: r-oldrel-macos-x86_64

Version: 1.0-1
Check: replacement functions
Result: WARN
    No protocol specified
    No protocol specified
    The argument of a replacement function which corresponds to the right
    hand side must be named ‘value’.
Flavor: r-oldrel-macos-x86_64

Version: 1.0-1
Check: foreign function calls
Result: NOTE
    No protocol specified
    No protocol specified
    See chapter ‘System and foreign language interfaces’ in the ‘Writing R
    Extensions’ manual.
Flavor: r-oldrel-macos-x86_64

Version: 1.0-1
Check: R code for possible problems
Result: NOTE
    No protocol specified
    No protocol specified
Flavor: r-oldrel-macos-x86_64

Version: 1.0-1
Check: for missing documentation entries
Result: WARN
    No protocol specified
    No protocol specified
    All user-level objects in a package should have documentation entries.
    See chapter ‘Writing R documentation files’ in the ‘Writing R
    Extensions’ manual.
Flavor: r-oldrel-macos-x86_64

Version: 1.0-1
Check: for code/documentation mismatches
Result: WARN
    No protocol specified
    No protocol specified
    No protocol specified
    No protocol specified
    No protocol specified
    No protocol specified
Flavor: r-oldrel-macos-x86_64

Version: 1.0-1
Check: Rd \usage sections
Result: NOTE
    No protocol specified
    No protocol specified
    The \usage entries for S3 methods should use the \method markup and not
    their full name.
    See chapter ‘Writing R documentation files’ in the ‘Writing R
    Extensions’ manual.
Flavor: r-oldrel-macos-x86_64