CRAN Package Check Results for Package gfcanalysis

Last updated on 2025-01-19 05:49:09 CET.

Flavor Version Tinstall Tcheck Ttotal Status Flags
r-devel-linux-x86_64-debian-clang 1.8.0 30.88 259.57 290.45 NOTE
r-devel-linux-x86_64-debian-gcc 1.8.0 22.50 164.48 186.98 NOTE
r-devel-linux-x86_64-fedora-clang 1.8.0 489.22 OK
r-devel-linux-x86_64-fedora-gcc 1.8.0 436.33 OK
r-devel-windows-x86_64 1.8.0 29.00 200.00 229.00 NOTE
r-patched-linux-x86_64 1.8.0 33.57 246.81 280.38 OK
r-release-linux-x86_64 1.8.0 29.82 239.23 269.05 OK
r-release-macos-arm64 1.8.0 98.00 OK
r-release-macos-x86_64 1.8.0 173.00 OK
r-release-windows-x86_64 1.8.0 28.00 196.00 224.00 OK
r-oldrel-macos-arm64 1.8.0 98.00 OK
r-oldrel-macos-x86_64 1.8.0 246.00 OK
r-oldrel-windows-x86_64 1.8.0 36.00 279.00 315.00 OK

Check Details

Version: 1.8.0
Check: Rd cross-references
Result: NOTE Found the following Rd file(s) with Rd \link{} targets missing package anchors: extract_gfc.Rd: writeRaster scale_by_pixel_area.Rd: dataType scale_toar.Rd: writeRaster Please provide package anchors for all Rd \link{} targets not in the package itself and the base packages. Flavors: r-devel-linux-x86_64-debian-clang, r-devel-linux-x86_64-debian-gcc, r-devel-windows-x86_64