CRAN Package Check Results for Package ggBubbles

Last updated on 2020-07-10 12:48:28 CEST.

Flavor Version Tinstall Tcheck Ttotal Status Flags
r-devel-linux-x86_64-debian-clang 0.1.4 4.80 48.31 53.11 OK
r-devel-linux-x86_64-debian-gcc 0.1.4 3.78 36.50 40.28 OK
r-devel-linux-x86_64-fedora-clang 0.1.4 70.53 OK
r-devel-linux-x86_64-fedora-gcc 0.1.4 63.17 OK
r-devel-windows-ix86+x86_64 0.1.4 12.00 64.00 76.00 OK
r-patched-linux-x86_64 0.1.4 4.63 46.31 50.94 OK
r-patched-solaris-x86 0.1.4 77.70 WARN
r-release-linux-x86_64 0.1.4 3.77 46.38 50.15 OK
r-release-osx-x86_64 0.1.4 OK
r-release-windows-ix86+x86_64 0.1.4 12.00 60.00 72.00 OK
r-oldrel-osx-x86_64 0.1.4 WARN
r-oldrel-windows-ix86+x86_64 0.1.4 14.00 59.00 73.00 OK

Check Details

Version: 0.1.4
Check: re-building of vignette outputs
Result: WARN
    Error(s) in re-building vignettes:
     ...
    --- re-building ‘ggBubbles.Rmd’ using rmarkdown
    Warning in engine$weave(file, quiet = quiet, encoding = enc) :
     Pandoc (>= 1.12.3) and/or pandoc-citeproc not available. Falling back to R Markdown v1.
    Loading required package: knitr
    Loading required package: ggplot2
    Loading required package: ggBubbles
    Quitting from lines 30-40 (ggBubbles.Rmd)
    Error: processing vignette 'ggBubbles.Rmd' failed with diagnostics:
    could not find function "CRANpkg"
    --- failed re-building ‘ggBubbles.Rmd’
    
    SUMMARY: processing the following file failed:
     ‘ggBubbles.Rmd’
    
    Error: Vignette re-building failed.
    Execution halted
Flavors: r-patched-solaris-x86, r-oldrel-osx-x86_64

Version: 0.1.4
Check: package dependencies
Result: NOTE
    Package suggested but not available for checking: ‘BiocStyle’
Flavor: r-oldrel-osx-x86_64